Last updated on 2024-06-17 01:48:45 CEST.
Flavor | Version | Tinstall | Tcheck | Ttotal | Status | Flags |
---|---|---|---|---|---|---|
r-devel-linux-x86_64-debian-clang | 1.1.0 | 34.27 | 86.24 | 120.51 | OK | |
r-devel-linux-x86_64-debian-gcc | 1.1.0 | 31.20 | 67.83 | 99.03 | OK | |
r-devel-linux-x86_64-fedora-clang | 1.1.0 | 162.96 | NOTE | |||
r-devel-linux-x86_64-fedora-gcc | 1.1.0 | 160.54 | NOTE | |||
r-devel-windows-x86_64 | 1.1.0 | 32.00 | 78.00 | 110.00 | OK | |
r-patched-linux-x86_64 | 1.1.0 | 33.35 | 84.52 | 117.87 | OK | |
r-release-linux-x86_64 | 1.1.0 | 26.54 | 83.17 | 109.71 | OK | |
r-release-macos-arm64 | 1.1.0 | 60.00 | OK | |||
r-release-macos-x86_64 | 1.1.0 | 86.00 | OK | |||
r-release-windows-x86_64 | 1.1.0 | 33.00 | 79.00 | 112.00 | OK | |
r-oldrel-macos-arm64 | 1.1.0 | 62.00 | OK | |||
r-oldrel-macos-x86_64 | 1.1.0 | 97.00 | OK | |||
r-oldrel-windows-x86_64 | 1.1.0 | 45.00 | 88.00 | 133.00 | OK |
Version: 1.1.0
Check: dependencies in R code
Result: NOTE
Namespace in Imports field not imported from: ‘spelling’
All declared Imports should be used.
Flavors: r-devel-linux-x86_64-fedora-clang, r-devel-linux-x86_64-fedora-gcc