Last updated on 2024-06-27 01:55:32 CEST.
Flavor | Version | Tinstall | Tcheck | Ttotal | Status | Flags |
---|---|---|---|---|---|---|
r-devel-linux-x86_64-debian-clang | 0.4.6 | NOTE | ||||
r-devel-linux-x86_64-debian-gcc | 0.4.6 | 109.44 | 53.45 | 162.89 | NOTE | |
r-devel-linux-x86_64-fedora-clang | 0.4.6 | 268.95 | NOTE | |||
r-devel-linux-x86_64-fedora-gcc | 0.4.6 | 347.99 | NOTE | |||
r-devel-windows-x86_64 | 0.4.6 | 131.00 | 169.00 | 300.00 | NOTE | |
r-patched-linux-x86_64 | 0.4.6 | 135.07 | 69.68 | 204.75 | NOTE | |
r-release-linux-x86_64 | 0.4.6 | 131.39 | 69.34 | 200.73 | NOTE | |
r-release-macos-arm64 | 0.4.6 | 109.00 | NOTE | |||
r-release-macos-x86_64 | 0.4.6 | 77.00 | NOTE | |||
r-release-windows-x86_64 | 0.4.6 | 129.00 | 170.00 | 299.00 | NOTE | |
r-oldrel-macos-arm64 | 0.4.6 | 91.00 | NOTE | |||
r-oldrel-macos-x86_64 | 0.4.6 | 123.00 | NOTE | |||
r-oldrel-windows-x86_64 | 0.4.6 | 132.00 | 202.00 | 334.00 | NOTE |
Version: 0.4.6
Check: for GNU extensions in Makefiles
Result: NOTE
GNU make is a SystemRequirements.
Flavors: r-devel-linux-x86_64-debian-clang, r-devel-linux-x86_64-debian-gcc, r-devel-linux-x86_64-fedora-clang, r-devel-linux-x86_64-fedora-gcc, r-devel-windows-x86_64, r-patched-linux-x86_64, r-release-linux-x86_64, r-release-macos-arm64, r-release-macos-x86_64, r-release-windows-x86_64, r-oldrel-macos-arm64, r-oldrel-macos-x86_64, r-oldrel-windows-x86_64
Version: 0.4.6
Check: installed package size
Result: NOTE
installed size is 11.7Mb
sub-directories of 1Mb or more:
libs 11.1Mb
Flavors: r-devel-windows-x86_64, r-release-macos-arm64, r-release-macos-x86_64, r-release-windows-x86_64, r-oldrel-macos-arm64, r-oldrel-macos-x86_64, r-oldrel-windows-x86_64