Last updated on 2024-06-27 01:55:32 CEST.
Flavor | Version | Tinstall | Tcheck | Ttotal | Status | Flags |
---|---|---|---|---|---|---|
r-devel-linux-x86_64-debian-clang | 0.5.0 | OK | ||||
r-devel-linux-x86_64-debian-gcc | 0.5.0 | 4.31 | 39.41 | 43.72 | OK | |
r-devel-linux-x86_64-fedora-clang | 0.5.0 | 80.33 | NOTE | |||
r-devel-linux-x86_64-fedora-gcc | 0.5.0 | 71.55 | OK | |||
r-devel-windows-x86_64 | 0.5.0 | 6.00 | 64.00 | 70.00 | OK | |
r-patched-linux-x86_64 | 0.5.0 | 5.77 | 50.78 | 56.55 | OK | |
r-release-linux-x86_64 | 0.5.0 | 5.55 | 51.17 | 56.72 | OK | |
r-release-macos-arm64 | 0.5.0 | 24.00 | OK | |||
r-release-macos-x86_64 | 0.5.0 | 36.00 | OK | |||
r-release-windows-x86_64 | 0.5.0 | 6.00 | 64.00 | 70.00 | OK | |
r-oldrel-macos-arm64 | 0.5.0 | 29.00 | OK | |||
r-oldrel-macos-x86_64 | 0.5.0 | 66.00 | OK | |||
r-oldrel-windows-x86_64 | 0.5.0 | 7.00 | 73.00 | 80.00 | OK |
Version: 0.5.0
Check: Rd cross-references
Result: NOTE
Undeclared package ‘pROC’ in Rd xrefs
Flavor: r-devel-linux-x86_64-fedora-clang