Last updated on 2024-06-27 01:55:32 CEST.
Flavor | Version | Tinstall | Tcheck | Ttotal | Status | Flags |
---|---|---|---|---|---|---|
r-devel-linux-x86_64-debian-clang | 1.6.0 | OK | ||||
r-devel-linux-x86_64-debian-gcc | 1.6.0 | 10.95 | 214.08 | 225.03 | OK | |
r-devel-linux-x86_64-fedora-clang | 1.6.0 | 398.60 | NOTE | |||
r-devel-linux-x86_64-fedora-gcc | 1.6.0 | 376.54 | OK | |||
r-devel-windows-x86_64 | 1.6.0 | 15.00 | 257.00 | 272.00 | NOTE | |
r-patched-linux-x86_64 | 1.6.0 | 20.27 | 280.66 | 300.93 | OK | |
r-release-linux-x86_64 | 1.6.0 | 10.84 | 283.86 | 294.70 | OK | |
r-release-macos-arm64 | 1.6.0 | 113.00 | NOTE | |||
r-release-macos-x86_64 | 1.6.0 | 183.00 | NOTE | |||
r-release-windows-x86_64 | 1.6.0 | 13.00 | 263.00 | 276.00 | NOTE | |
r-oldrel-macos-arm64 | 1.6.0 | 145.00 | NOTE | |||
r-oldrel-macos-x86_64 | 1.6.0 | 294.00 | NOTE | |||
r-oldrel-windows-x86_64 | 1.6.0 | 18.00 | 314.00 | 332.00 | NOTE |
Version: 1.6.0
Check: installed package size
Result: NOTE
installed size is 6.2Mb
sub-directories of 1Mb or more:
data 2.2Mb
doc 2.8Mb
Flavors: r-devel-linux-x86_64-fedora-clang, r-devel-windows-x86_64, r-release-macos-arm64, r-release-macos-x86_64, r-release-windows-x86_64, r-oldrel-macos-arm64, r-oldrel-macos-x86_64, r-oldrel-windows-x86_64