Last updated on 2024-06-27 01:55:31 CEST.
Flavor | Version | Tinstall | Tcheck | Ttotal | Status | Flags |
---|---|---|---|---|---|---|
r-devel-linux-x86_64-debian-clang | 1.0.1 | NOTE | ||||
r-devel-linux-x86_64-debian-gcc | 1.0.1 | 232.16 | 162.97 | 395.13 | NOTE | |
r-devel-linux-x86_64-fedora-clang | 1.0.1 | 686.27 | NOTE | |||
r-devel-linux-x86_64-fedora-gcc | 1.0.1 | 770.08 | NOTE | |||
r-devel-windows-x86_64 | 1.0.1 | 238.00 | 189.00 | 427.00 | NOTE | |
r-patched-linux-x86_64 | 1.0.1 | 274.08 | 205.76 | 479.84 | NOTE | |
r-release-linux-x86_64 | 1.0.1 | 302.55 | 217.41 | 519.96 | NOTE | |
r-release-macos-arm64 | 1.0.1 | 132.00 | NOTE | |||
r-release-macos-x86_64 | 1.0.1 | 270.00 | NOTE | |||
r-release-windows-x86_64 | 1.0.1 | 243.00 | 189.00 | 432.00 | NOTE | |
r-oldrel-macos-arm64 | 1.0.1 | 150.00 | NOTE | |||
r-oldrel-macos-x86_64 | 1.0.1 | 193.00 | NOTE | |||
r-oldrel-windows-x86_64 | 1.0.1 | 282.00 | 231.00 | 513.00 | NOTE |
Version: 1.0.1
Check: for GNU extensions in Makefiles
Result: NOTE
GNU make is a SystemRequirements.
Flavors: r-devel-linux-x86_64-debian-clang, r-devel-linux-x86_64-debian-gcc, r-devel-linux-x86_64-fedora-clang, r-devel-linux-x86_64-fedora-gcc, r-devel-windows-x86_64, r-patched-linux-x86_64, r-release-linux-x86_64, r-release-macos-arm64, r-release-macos-x86_64, r-release-windows-x86_64, r-oldrel-macos-arm64, r-oldrel-macos-x86_64, r-oldrel-windows-x86_64
Version: 1.0.1
Check: installed package size
Result: NOTE
installed size is 8.2Mb
sub-directories of 1Mb or more:
doc 1.9Mb
libs 4.2Mb
Flavors: r-devel-linux-x86_64-fedora-clang, r-devel-windows-x86_64, r-release-macos-arm64, r-release-macos-x86_64, r-release-windows-x86_64, r-oldrel-macos-arm64, r-oldrel-macos-x86_64, r-oldrel-windows-x86_64
Version: 1.0.1
Check: dependencies in R code
Result: NOTE
Namespace in Imports field not imported from: ‘sp’
All declared Imports should be used.
Flavors: r-devel-linux-x86_64-fedora-clang, r-devel-linux-x86_64-fedora-gcc
Version: 1.0.1
Check: data for non-ASCII characters
Result: NOTE
Note: found 1 marked UTF-8 string
Flavors: r-devel-linux-x86_64-fedora-clang, r-devel-linux-x86_64-fedora-gcc