Last updated on 2024-06-27 01:55:31 CEST.
Flavor | Version | Tinstall | Tcheck | Ttotal | Status | Flags |
---|---|---|---|---|---|---|
r-devel-linux-x86_64-debian-clang | 0.1.1 | OK | ||||
r-devel-linux-x86_64-debian-gcc | 0.1.1 | 1.94 | 51.10 | 53.04 | OK | |
r-devel-linux-x86_64-fedora-clang | 0.1.1 | 91.57 | NOTE | |||
r-devel-linux-x86_64-fedora-gcc | 0.1.1 | 86.42 | OK | |||
r-devel-windows-x86_64 | 0.1.1 | 4.00 | 74.00 | 78.00 | OK | |
r-patched-linux-x86_64 | 0.1.1 | 3.77 | 69.02 | 72.79 | OK | |
r-release-linux-x86_64 | 0.1.1 | 3.06 | 69.33 | 72.39 | OK | |
r-release-macos-arm64 | 0.1.1 | 32.00 | OK | |||
r-release-macos-x86_64 | 0.1.1 | 61.00 | OK | |||
r-release-windows-x86_64 | 0.1.1 | 3.00 | 76.00 | 79.00 | OK | |
r-oldrel-macos-arm64 | 0.1.1 | 31.00 | OK | |||
r-oldrel-macos-x86_64 | 0.1.1 | 79.00 | OK | |||
r-oldrel-windows-x86_64 | 0.1.1 | 4.00 | 84.00 | 88.00 | OK |
Version: 0.1.1
Check: Rd cross-references
Result: NOTE
Undeclared package ‘pkgdown’ in Rd xrefs
Flavor: r-devel-linux-x86_64-fedora-clang