Last updated on 2024-06-27 01:55:31 CEST.
Flavor | Version | Tinstall | Tcheck | Ttotal | Status | Flags |
---|---|---|---|---|---|---|
r-devel-linux-x86_64-debian-clang | 0.5 | OK | ||||
r-devel-linux-x86_64-debian-gcc | 0.5 | 201.02 | 169.29 | 370.31 | OK | |
r-devel-linux-x86_64-fedora-clang | 0.5 | 700.75 | OK | |||
r-devel-linux-x86_64-fedora-gcc | 0.5 | 739.84 | OK | |||
r-devel-windows-x86_64 | 0.5 | 214.00 | 193.00 | 407.00 | OK | |
r-patched-linux-x86_64 | 0.5 | 234.12 | 198.14 | 432.26 | OK | |
r-release-linux-x86_64 | 0.5 | 242.35 | 199.76 | 442.11 | OK | |
r-release-macos-arm64 | 0.5 | 133.00 | NOTE | |||
r-release-macos-x86_64 | 0.5 | 160.00 | NOTE | |||
r-release-windows-x86_64 | 0.5 | 216.00 | 190.00 | 406.00 | OK | |
r-oldrel-macos-arm64 | 0.5 | 137.00 | NOTE | |||
r-oldrel-macos-x86_64 | 0.5 | 265.00 | NOTE | |||
r-oldrel-windows-x86_64 | 0.5 | 261.00 | 238.00 | 499.00 | OK |
Version: 0.5
Check: installed package size
Result: NOTE
installed size is 15.0Mb
sub-directories of 1Mb or more:
doc 1.1Mb
libs 13.3Mb
Flavors: r-release-macos-arm64, r-release-macos-x86_64, r-oldrel-macos-arm64, r-oldrel-macos-x86_64