Last updated on 2024-07-03 01:49:17 CEST.
Flavor | Version | Tinstall | Tcheck | Ttotal | Status | Flags |
---|---|---|---|---|---|---|
r-devel-linux-x86_64-debian-clang | 0.2.5 | 18.22 | 289.79 | 308.01 | OK | |
r-devel-linux-x86_64-debian-gcc | 0.2.5 | 13.96 | 215.73 | 229.69 | OK | |
r-devel-linux-x86_64-fedora-clang | 0.2.5 | 397.43 | NOTE | |||
r-devel-linux-x86_64-fedora-gcc | 0.2.5 | 385.07 | NOTE | |||
r-devel-windows-x86_64 | 0.2.5 | 18.00 | 206.00 | 224.00 | OK | |
r-patched-linux-x86_64 | 0.2.5 | 22.04 | 283.88 | 305.92 | OK | |
r-release-linux-x86_64 | 0.2.5 | 15.21 | 284.83 | 300.04 | OK | |
r-release-macos-arm64 | 0.2.5 | 101.00 | OK | |||
r-release-macos-x86_64 | 0.2.5 | 150.00 | OK | |||
r-release-windows-x86_64 | 0.2.5 | 16.00 | 206.00 | 222.00 | OK | |
r-oldrel-macos-arm64 | 0.2.5 | 93.00 | OK | |||
r-oldrel-macos-x86_64 | 0.2.5 | 250.00 | OK | |||
r-oldrel-windows-x86_64 | 0.2.5 | 23.00 | 252.00 | 275.00 | OK |
Version: 0.2.5
Check: dependencies in R code
Result: NOTE
Namespaces in Imports field not imported from:
‘lubridate’ ‘tidyquant’ ‘tidyr’ ‘tidyverse’
All declared Imports should be used.
Flavors: r-devel-linux-x86_64-fedora-clang, r-devel-linux-x86_64-fedora-gcc