Last updated on 2024-06-27 01:55:31 CEST.
Flavor | Version | Tinstall | Tcheck | Ttotal | Status | Flags |
---|---|---|---|---|---|---|
r-devel-linux-x86_64-debian-clang | 0.1 | OK | ||||
r-devel-linux-x86_64-debian-gcc | 0.1 | 6.24 | 72.52 | 78.76 | OK | |
r-devel-linux-x86_64-fedora-clang | 0.1 | 130.84 | NOTE | |||
r-devel-linux-x86_64-fedora-gcc | 0.1 | 135.78 | NOTE | |||
r-devel-windows-x86_64 | 0.1 | 7.00 | 84.00 | 91.00 | OK | |
r-patched-linux-x86_64 | 0.1 | 6.40 | 91.85 | 98.25 | OK | |
r-release-linux-x86_64 | 0.1 | 7.90 | 91.68 | 99.58 | OK | |
r-release-macos-arm64 | 0.1 | 44.00 | OK | |||
r-release-macos-x86_64 | 0.1 | 74.00 | OK | |||
r-release-windows-x86_64 | 0.1 | 7.00 | 88.00 | 95.00 | OK | |
r-oldrel-macos-arm64 | 0.1 | 49.00 | OK | |||
r-oldrel-macos-x86_64 | 0.1 | 108.00 | OK | |||
r-oldrel-windows-x86_64 | 0.1 | 9.00 | 104.00 | 113.00 | OK |
Version: 0.1
Check: data for non-ASCII characters
Result: NOTE
Note: found 7 marked UTF-8 strings
Flavors: r-devel-linux-x86_64-fedora-clang, r-devel-linux-x86_64-fedora-gcc