Last updated on 2024-06-27 01:55:30 CEST.
Flavor | Version | Tinstall | Tcheck | Ttotal | Status | Flags |
---|---|---|---|---|---|---|
r-devel-linux-x86_64-debian-clang | 1.3 | OK | ||||
r-devel-linux-x86_64-debian-gcc | 1.3 | 41.78 | 50.87 | 92.65 | OK | |
r-devel-linux-x86_64-fedora-clang | 1.3 | 170.50 | NOTE | |||
r-devel-linux-x86_64-fedora-gcc | 1.3 | 174.76 | NOTE | |||
r-devel-windows-x86_64 | 1.3 | 48.00 | 85.00 | 133.00 | OK | |
r-patched-linux-x86_64 | 1.3 | 49.63 | 66.88 | 116.51 | OK | |
r-release-linux-x86_64 | 1.3 | 51.16 | 63.64 | 114.80 | OK | |
r-release-macos-arm64 | 1.3 | 45.00 | OK | |||
r-release-macos-x86_64 | 1.3 | 56.00 | OK | |||
r-release-windows-x86_64 | 1.3 | 51.00 | 88.00 | 139.00 | OK | |
r-oldrel-macos-arm64 | 1.3 | 50.00 | OK | |||
r-oldrel-macos-x86_64 | 1.3 | 81.00 | OK | |||
r-oldrel-windows-x86_64 | 1.3 | 59.00 | 103.00 | 162.00 | OK |
Version: 1.3
Check: compiled code
Result: NOTE
File ‘starma/libs/starma.so’:
Found no calls to: ‘R_registerRoutines’, ‘R_useDynamicSymbols’
It is good practice to register native routines and to disable symbol
search.
See ‘Writing portable packages’ in the ‘Writing R Extensions’ manual.
Flavors: r-devel-linux-x86_64-fedora-clang, r-devel-linux-x86_64-fedora-gcc