Last updated on 2024-06-30 01:54:47 CEST.
Flavor | Version | Tinstall | Tcheck | Ttotal | Status | Flags |
---|---|---|---|---|---|---|
r-devel-linux-x86_64-debian-clang | 0.6 | 13.88 | 162.29 | 176.17 | WARN | |
r-devel-linux-x86_64-debian-gcc | 0.6 | 13.94 | 117.64 | 131.58 | WARN | |
r-devel-linux-x86_64-fedora-clang | 0.6 | 227.66 | WARN | |||
r-devel-linux-x86_64-fedora-gcc | 0.6 | 259.01 | WARN | |||
r-devel-windows-x86_64 | 0.6 | 14.00 | 131.00 | 145.00 | WARN | |
r-patched-linux-x86_64 | 0.6 | 19.55 | 155.21 | 174.76 | WARN | |
r-release-linux-x86_64 | 0.6 | 15.73 | 151.00 | 166.73 | NOTE | |
r-release-macos-arm64 | 0.6 | 70.00 | OK | |||
r-release-macos-x86_64 | 0.6 | 116.00 | OK | |||
r-release-windows-x86_64 | 0.6 | 16.00 | 132.00 | 148.00 | NOTE | |
r-oldrel-macos-arm64 | 0.6 | 72.00 | OK | |||
r-oldrel-macos-x86_64 | 0.6 | 120.00 | OK | |||
r-oldrel-windows-x86_64 | 0.6 | 18.00 | 170.00 | 188.00 | WARN |
Version: 0.6
Check: whether package can be installed
Result: WARN
Found the following significant warnings:
Warning: replacing previous import ‘Matrix::det’ by ‘SparseM::det’ when loading ‘stR’
Flavors: r-devel-linux-x86_64-debian-clang, r-devel-linux-x86_64-debian-gcc, r-devel-linux-x86_64-fedora-clang, r-devel-linux-x86_64-fedora-gcc, r-devel-windows-x86_64, r-patched-linux-x86_64, r-oldrel-windows-x86_64
Version: 0.6
Check: HTML version of manual
Result: NOTE
Found the following HTML validation problems:
RSTRmodel.html:218:1 (RSTRmodel.Rd:115): Warning: trimming empty <p>
Flavors: r-devel-linux-x86_64-debian-clang, r-devel-linux-x86_64-debian-gcc, r-devel-linux-x86_64-fedora-clang, r-devel-linux-x86_64-fedora-gcc, r-devel-windows-x86_64, r-patched-linux-x86_64, r-release-linux-x86_64, r-release-windows-x86_64