Last updated on 2024-06-27 01:55:30 CEST.
Flavor | Version | Tinstall | Tcheck | Ttotal | Status | Flags |
---|---|---|---|---|---|---|
r-devel-linux-x86_64-debian-clang | 0.9.1 | OK | ||||
r-devel-linux-x86_64-debian-gcc | 0.9.1 | 4.05 | 24.13 | 28.18 | OK | |
r-devel-linux-x86_64-fedora-clang | 0.9.1 | 48.18 | OK | |||
r-devel-linux-x86_64-fedora-gcc | 0.9.1 | 59.23 | OK | |||
r-devel-windows-x86_64 | 0.9.1 | 20.00 | 90.00 | 110.00 | NOTE | |
r-patched-linux-x86_64 | 0.9.1 | 5.62 | 29.14 | 34.76 | OK | |
r-release-linux-x86_64 | 0.9.1 | 5.23 | 29.58 | 34.81 | OK | |
r-release-macos-arm64 | 0.9.1 | 31.00 | OK | |||
r-release-macos-x86_64 | 0.9.1 | 44.00 | OK | |||
r-release-windows-x86_64 | 0.9.1 | 21.00 | 86.00 | 107.00 | NOTE | |
r-oldrel-macos-arm64 | 0.9.1 | 32.00 | OK | |||
r-oldrel-macos-x86_64 | 0.9.1 | 62.00 | OK | |||
r-oldrel-windows-x86_64 | 0.9.1 | 25.00 | 106.00 | 131.00 | NOTE |
Version: 0.9.1
Check: installed package size
Result: NOTE
installed size is 5.5Mb
sub-directories of 1Mb or more:
libs 4.6Mb
Flavors: r-devel-windows-x86_64, r-release-windows-x86_64, r-oldrel-windows-x86_64