Last updated on 2024-06-27 01:55:30 CEST.
Flavor | Version | Tinstall | Tcheck | Ttotal | Status | Flags |
---|---|---|---|---|---|---|
r-devel-linux-x86_64-debian-clang | 5.5.1 | OK | ||||
r-devel-linux-x86_64-debian-gcc | 5.5.1 | 29.83 | 326.66 | 356.49 | OK | |
r-devel-linux-x86_64-fedora-clang | 5.5.1 | 597.46 | NOTE | |||
r-devel-linux-x86_64-fedora-gcc | 5.5.1 | 592.03 | OK | |||
r-devel-windows-x86_64 | 5.5.1 | 28.00 | 278.00 | 306.00 | NOTE | |
r-patched-linux-x86_64 | 5.5.1 | 39.70 | 420.18 | 459.88 | OK | |
r-release-linux-x86_64 | 5.5.1 | 30.45 | 434.39 | 464.84 | OK | |
r-release-macos-arm64 | 5.5.1 | 136.00 | NOTE | |||
r-release-macos-x86_64 | 5.5.1 | 230.00 | NOTE | |||
r-release-windows-x86_64 | 5.5.1 | 29.00 | 286.00 | 315.00 | NOTE | |
r-oldrel-macos-arm64 | 5.5.1 | 139.00 | NOTE | |||
r-oldrel-macos-x86_64 | 5.5.1 | 370.00 | NOTE | |||
r-oldrel-windows-x86_64 | 5.5.1 | 39.00 | 380.00 | 419.00 | NOTE |
Version: 5.5.1
Check: installed package size
Result: NOTE
installed size is 7.1Mb
sub-directories of 1Mb or more:
doc 5.5Mb
Flavors: r-devel-linux-x86_64-fedora-clang, r-devel-windows-x86_64, r-release-macos-arm64, r-release-macos-x86_64, r-release-windows-x86_64, r-oldrel-macos-arm64, r-oldrel-macos-x86_64, r-oldrel-windows-x86_64