Last updated on 2024-06-27 01:55:30 CEST.
Flavor | Version | Tinstall | Tcheck | Ttotal | Status | Flags |
---|---|---|---|---|---|---|
r-devel-linux-x86_64-debian-clang | 1.1.3 | OK | ||||
r-devel-linux-x86_64-debian-gcc | 1.1.3 | 2.80 | 25.76 | 28.56 | OK | |
r-devel-linux-x86_64-fedora-clang | 1.1.3 | 46.67 | NOTE | |||
r-devel-linux-x86_64-fedora-gcc | 1.1.3 | 43.63 | NOTE | |||
r-devel-windows-x86_64 | 1.1.3 | 4.00 | 46.00 | 50.00 | OK | |
r-patched-linux-x86_64 | 1.1.3 | 3.13 | 32.92 | 36.05 | OK | |
r-release-linux-x86_64 | 1.1.3 | 3.16 | 32.42 | 35.58 | OK | |
r-release-macos-arm64 | 1.1.3 | 18.00 | OK | |||
r-release-macos-x86_64 | 1.1.3 | 26.00 | OK | |||
r-release-windows-x86_64 | 1.1.3 | 4.00 | 53.00 | 57.00 | OK | |
r-oldrel-macos-arm64 | 1.1.3 | 19.00 | OK | |||
r-oldrel-macos-x86_64 | 1.1.3 | 25.00 | OK | |||
r-oldrel-windows-x86_64 | 1.1.3 | 6.00 | 50.00 | 56.00 | OK |
Version: 1.1.3
Check: dependencies in R code
Result: NOTE
Namespaces in Imports field not imported from:
‘R6’ ‘lgr’
All declared Imports should be used.
Flavors: r-devel-linux-x86_64-fedora-clang, r-devel-linux-x86_64-fedora-gcc