Last updated on 2024-06-27 01:55:29 CEST.
Flavor | Version | Tinstall | Tcheck | Ttotal | Status | Flags |
---|---|---|---|---|---|---|
r-devel-linux-x86_64-debian-clang | 0.4.2 | NOTE | ||||
r-devel-linux-x86_64-debian-gcc | 0.4.2 | 1.83 | 48.61 | 50.44 | NOTE | |
r-devel-linux-x86_64-fedora-clang | 0.4.2 | 81.05 | NOTE | |||
r-devel-linux-x86_64-fedora-gcc | 0.4.2 | 91.89 | NOTE | |||
r-devel-windows-x86_64 | 0.4.2 | 3.00 | 79.00 | 82.00 | NOTE | |
r-patched-linux-x86_64 | 0.4.2 | 3.19 | 59.57 | 62.76 | NOTE | |
r-release-linux-x86_64 | 0.4.2 | 1.76 | 58.56 | 60.32 | NOTE | |
r-release-macos-arm64 | 0.4.2 | 48.00 | NOTE | |||
r-release-macos-x86_64 | 0.4.2 | 64.00 | NOTE | |||
r-release-windows-x86_64 | 0.4.2 | 3.00 | 81.00 | 84.00 | NOTE | |
r-oldrel-macos-arm64 | 0.4.2 | 53.00 | NOTE | |||
r-oldrel-macos-x86_64 | 0.4.2 | 68.00 | NOTE | |||
r-oldrel-windows-x86_64 | 0.4.2 | 4.00 | 88.00 | 92.00 | NOTE |
Version: 0.4.2
Check: package subdirectories
Result: NOTE
Problems with news in ‘NEWS.md’:
Cannot extract version info from the following section titles:
simpleCache [0.0.1]
Flavors: r-devel-linux-x86_64-debian-clang, r-devel-linux-x86_64-debian-gcc, r-devel-linux-x86_64-fedora-clang, r-devel-linux-x86_64-fedora-gcc, r-devel-windows-x86_64, r-patched-linux-x86_64, r-release-linux-x86_64, r-release-macos-arm64, r-release-macos-x86_64, r-release-windows-x86_64, r-oldrel-macos-arm64, r-oldrel-macos-x86_64, r-oldrel-windows-x86_64