Last updated on 2024-06-17 01:48:41 CEST.
Flavor | Version | Tinstall | Tcheck | Ttotal | Status | Flags |
---|---|---|---|---|---|---|
r-devel-linux-x86_64-debian-clang | 0.2.3 | 742.27 | 45.92 | 788.19 | NOTE | |
r-devel-linux-x86_64-debian-gcc | 0.2.3 | 578.97 | 34.60 | 613.57 | NOTE | |
r-devel-linux-x86_64-fedora-clang | 0.2.3 | 1233.47 | NOTE | |||
r-devel-linux-x86_64-fedora-gcc | 0.2.3 | 1317.26 | NOTE | |||
r-devel-windows-x86_64 | 0.2.3 | 665.00 | 86.00 | 751.00 | NOTE | |
r-patched-linux-x86_64 | 0.2.3 | 684.25 | 43.83 | 728.08 | NOTE | |
r-release-linux-x86_64 | 0.2.3 | 679.10 | 42.64 | 721.74 | NOTE | |
r-release-macos-arm64 | 0.2.3 | 185.00 | NOTE | |||
r-release-macos-x86_64 | 0.2.3 | 143.00 | NOTE | |||
r-release-windows-x86_64 | 0.2.3 | 684.00 | 96.00 | 780.00 | NOTE | |
r-oldrel-macos-arm64 | 0.2.3 | 245.00 | NOTE | |||
r-oldrel-macos-x86_64 | 0.2.3 | 443.00 | NOTE | |||
r-oldrel-windows-x86_64 | 0.2.3 | 671.00 | 106.00 | 777.00 | NOTE |
Version: 0.2.3
Check: C++ specification
Result: NOTE
Specified C++11: please drop specification unless essential
Flavors: r-devel-linux-x86_64-debian-clang, r-devel-linux-x86_64-debian-gcc, r-devel-linux-x86_64-fedora-clang, r-devel-linux-x86_64-fedora-gcc, r-devel-windows-x86_64, r-patched-linux-x86_64, r-release-linux-x86_64, r-release-macos-arm64, r-release-macos-x86_64, r-release-windows-x86_64, r-oldrel-macos-arm64, r-oldrel-macos-x86_64, r-oldrel-windows-x86_64
Version: 0.2.3
Check: installed package size
Result: NOTE
installed size is 5.0Mb
sub-directories of 1Mb or more:
libs 3.3Mb
models 1.6Mb
Flavors: r-devel-windows-x86_64, r-release-macos-arm64, r-release-macos-x86_64, r-release-windows-x86_64, r-oldrel-macos-arm64, r-oldrel-macos-x86_64, r-oldrel-windows-x86_64