Last updated on 2024-06-27 01:55:29 CEST.
Flavor | Version | Tinstall | Tcheck | Ttotal | Status | Flags |
---|---|---|---|---|---|---|
r-devel-linux-x86_64-debian-clang | 1.0.3 | OK | ||||
r-devel-linux-x86_64-debian-gcc | 1.0.3 | 35.90 | 74.38 | 110.28 | OK | |
r-devel-linux-x86_64-fedora-clang | 1.0.3 | 193.59 | OK | |||
r-devel-linux-x86_64-fedora-gcc | 1.0.3 | 196.24 | OK | |||
r-devel-windows-x86_64 | 1.0.3 | 43.00 | 101.00 | 144.00 | OK | |
r-patched-linux-x86_64 | 1.0.3 | 31.08 | 92.74 | 123.82 | OK | |
r-release-linux-x86_64 | 1.0.3 | 33.49 | 94.39 | 127.88 | OK | |
r-release-macos-arm64 | 1.0.3 | 57.00 | NOTE | |||
r-release-macos-x86_64 | 1.0.3 | 90.00 | NOTE | |||
r-release-windows-x86_64 | 1.0.3 | 40.00 | 112.00 | 152.00 | OK | |
r-oldrel-macos-arm64 | 1.0.3 | 57.00 | NOTE | |||
r-oldrel-macos-x86_64 | 1.0.3 | 88.00 | NOTE | |||
r-oldrel-windows-x86_64 | 1.0.3 | 54.00 | 130.00 | 184.00 | OK |
Version: 1.0.3
Check: installed package size
Result: NOTE
installed size is 5.4Mb
sub-directories of 1Mb or more:
data 2.3Mb
libs 3.0Mb
Flavors: r-release-macos-arm64, r-release-macos-x86_64, r-oldrel-macos-arm64, r-oldrel-macos-x86_64