Last updated on 2024-06-27 01:55:28 CEST.
Flavor | Version | Tinstall | Tcheck | Ttotal | Status | Flags |
---|---|---|---|---|---|---|
r-devel-linux-x86_64-debian-clang | 3.6.2 | OK | ||||
r-devel-linux-x86_64-debian-gcc | 3.6.2 | 8.61 | 62.27 | 70.88 | OK | |
r-devel-linux-x86_64-fedora-clang | 3.6.2 | 124.10 | NOTE | |||
r-devel-linux-x86_64-fedora-gcc | 3.6.2 | 127.99 | OK | |||
r-devel-windows-x86_64 | 3.6.2 | 9.00 | 86.00 | 95.00 | OK | |
r-patched-linux-x86_64 | 3.6.2 | 10.49 | 80.50 | 90.99 | OK | |
r-release-linux-x86_64 | 3.6.2 | 6.80 | 80.94 | 87.74 | OK | |
r-release-macos-arm64 | 3.6.2 | 72.00 | OK | |||
r-release-macos-x86_64 | 3.6.2 | 96.00 | OK | |||
r-release-windows-x86_64 | 3.6.2 | 11.00 | 86.00 | 97.00 | OK | |
r-oldrel-macos-arm64 | 3.6.2 | 67.00 | OK | |||
r-oldrel-macos-x86_64 | 3.6.2 | 82.00 | OK | |||
r-oldrel-windows-x86_64 | 3.6.2 | 12.00 | 96.00 | 108.00 | OK |
Version: 3.6.2
Check: Rd cross-references
Result: NOTE
Undeclared package ‘rym’ in Rd xrefs
Flavor: r-devel-linux-x86_64-fedora-clang