Last updated on 2024-06-27 01:55:28 CEST.
Flavor | Version | Tinstall | Tcheck | Ttotal | Status | Flags |
---|---|---|---|---|---|---|
r-devel-linux-x86_64-debian-clang | 1.5-1 | OK | ||||
r-devel-linux-x86_64-debian-gcc | 1.5-1 | 85.13 | 254.22 | 339.35 | OK | |
r-devel-linux-x86_64-fedora-clang | 1.5-1 | 646.46 | NOTE | |||
r-devel-linux-x86_64-fedora-gcc | 1.5-1 | 616.70 | OK | |||
r-devel-windows-x86_64 | 1.5-1 | 86.00 | 269.00 | 355.00 | NOTE | |
r-patched-linux-x86_64 | 1.5-1 | 72.15 | 365.36 | 437.51 | OK | |
r-release-linux-x86_64 | 1.5-1 | 97.95 | 362.87 | 460.82 | OK | |
r-release-macos-arm64 | 1.5-1 | 130.00 | NOTE | |||
r-release-macos-x86_64 | 1.5-1 | 255.00 | NOTE | |||
r-release-windows-x86_64 | 1.5-1 | 84.00 | 270.00 | 354.00 | NOTE | |
r-oldrel-macos-arm64 | 1.5-1 | 132.00 | NOTE | |||
r-oldrel-macos-x86_64 | 1.5-1 | 370.00 | NOTE | |||
r-oldrel-windows-x86_64 | 1.5-1 | 116.00 | 335.00 | 451.00 | NOTE |
Version: 1.5-1
Check: installed package size
Result: NOTE
installed size is 7.5Mb
sub-directories of 1Mb or more:
R 3.0Mb
libs 2.1Mb
Flavors: r-devel-linux-x86_64-fedora-clang, r-devel-windows-x86_64, r-release-macos-arm64, r-release-macos-x86_64, r-release-windows-x86_64, r-oldrel-macos-arm64, r-oldrel-macos-x86_64, r-oldrel-windows-x86_64