Last updated on 2024-06-27 01:55:28 CEST.
Flavor | Version | Tinstall | Tcheck | Ttotal | Status | Flags |
---|---|---|---|---|---|---|
r-devel-linux-x86_64-debian-clang | 2.0-1 | OK | ||||
r-devel-linux-x86_64-debian-gcc | 2.0-1 | 63.94 | 92.81 | 156.75 | OK | |
r-devel-linux-x86_64-fedora-clang | 2.0-1 | 318.80 | OK | |||
r-devel-linux-x86_64-fedora-gcc | 2.0-1 | 307.68 | OK | |||
r-devel-windows-x86_64 | 2.0-1 | 80.00 | 135.00 | 215.00 | OK | |
r-patched-linux-x86_64 | 2.0-1 | 76.51 | 127.06 | 203.57 | OK | |
r-release-linux-x86_64 | 2.0-1 | 75.01 | 126.16 | 201.17 | OK | |
r-release-macos-arm64 | 2.0-1 | 72.00 | NOTE | |||
r-release-macos-x86_64 | 2.0-1 | 98.00 | NOTE | |||
r-release-windows-x86_64 | 2.0-1 | 88.00 | 138.00 | 226.00 | OK | |
r-oldrel-macos-arm64 | 2.0-1 | 92.00 | NOTE | |||
r-oldrel-macos-x86_64 | 2.0-1 | 165.00 | NOTE | |||
r-oldrel-windows-x86_64 | 2.0-1 | 99.00 | 166.00 | 265.00 | OK |
Version: 2.0-1
Check: installed package size
Result: NOTE
installed size is 7.6Mb
sub-directories of 1Mb or more:
libs 6.7Mb
Flavors: r-release-macos-arm64, r-release-macos-x86_64, r-oldrel-macos-arm64, r-oldrel-macos-x86_64