Last updated on 2024-06-30 01:54:45 CEST.
Flavor | Version | Tinstall | Tcheck | Ttotal | Status | Flags |
---|---|---|---|---|---|---|
r-devel-linux-x86_64-debian-clang | 2.32.6 | 288.21 | 224.43 | 512.64 | NOTE | |
r-devel-linux-x86_64-debian-gcc | 2.32.6 | 225.35 | 180.22 | 405.57 | NOTE | |
r-devel-linux-x86_64-fedora-clang | 2.32.6 | 678.68 | NOTE | |||
r-devel-linux-x86_64-fedora-gcc | 2.32.6 | 1617.87 | NOTE | |||
r-devel-windows-x86_64 | 2.32.6 | 238.00 | 202.00 | 440.00 | NOTE | |
r-patched-linux-x86_64 | 2.32.6 | 268.07 | 234.97 | 503.04 | NOTE | |
r-release-linux-x86_64 | 2.32.6 | 295.05 | 239.74 | 534.79 | NOTE | |
r-release-macos-arm64 | 2.32.6 | 293.00 | NOTE | |||
r-release-macos-x86_64 | 2.32.6 | 432.00 | NOTE | |||
r-release-windows-x86_64 | 2.32.6 | 234.00 | 202.00 | 436.00 | NOTE | |
r-oldrel-macos-arm64 | 2.32.6 | 289.00 | NOTE | |||
r-oldrel-macos-x86_64 | 2.32.6 | 632.00 | NOTE | |||
r-oldrel-windows-x86_64 | 2.32.6 | 276.00 | 241.00 | 517.00 | NOTE |
Version: 2.32.6
Check: for GNU extensions in Makefiles
Result: NOTE
GNU make is a SystemRequirements.
Flavors: r-devel-linux-x86_64-debian-clang, r-devel-linux-x86_64-debian-gcc, r-devel-linux-x86_64-fedora-clang, r-devel-linux-x86_64-fedora-gcc, r-devel-windows-x86_64, r-patched-linux-x86_64, r-release-linux-x86_64, r-release-macos-arm64, r-release-macos-x86_64, r-release-windows-x86_64, r-oldrel-macos-arm64, r-oldrel-macos-x86_64, r-oldrel-windows-x86_64
Version: 2.32.6
Check: installed package size
Result: NOTE
installed size is 6.5Mb
sub-directories of 1Mb or more:
exec 1.7Mb
lib 2.2Mb
Flavors: r-devel-linux-x86_64-fedora-clang, r-devel-windows-x86_64, r-release-macos-arm64, r-release-macos-x86_64, r-release-windows-x86_64, r-oldrel-macos-arm64, r-oldrel-macos-x86_64, r-oldrel-windows-x86_64
Version: 2.32.6
Check: Rd cross-references
Result: NOTE
Undeclared package ‘rstanarm’ in Rd xrefs
Flavor: r-devel-linux-x86_64-fedora-clang