Last updated on 2024-06-27 01:55:28 CEST.
Flavor | Version | Tinstall | Tcheck | Ttotal | Status | Flags |
---|---|---|---|---|---|---|
r-devel-linux-x86_64-debian-clang | 0.9.22 | NOTE | ||||
r-devel-linux-x86_64-debian-gcc | 0.9.22 | 4.02 | 133.92 | 137.94 | NOTE | |
r-devel-linux-x86_64-fedora-clang | 0.9.22 | 231.22 | NOTE | |||
r-devel-linux-x86_64-fedora-gcc | 0.9.22 | 240.35 | NOTE | |||
r-devel-windows-x86_64 | 0.9.22 | 5.00 | 174.00 | 179.00 | NOTE | |
r-patched-linux-x86_64 | 0.9.22 | 13.00 | 179.87 | 192.87 | NOTE | |
r-release-linux-x86_64 | 0.9.22 | 4.65 | 183.69 | 188.34 | NOTE | |
r-release-macos-arm64 | 0.9.22 | 67.00 | NOTE | |||
r-release-macos-x86_64 | 0.9.22 | 101.00 | NOTE | |||
r-release-windows-x86_64 | 0.9.22 | 5.00 | 174.00 | 179.00 | NOTE | |
r-oldrel-macos-arm64 | 0.9.22 | 80.00 | OK | |||
r-oldrel-macos-x86_64 | 0.9.22 | 115.00 | OK | |||
r-oldrel-windows-x86_64 | 0.9.22 | 6.00 | 196.00 | 202.00 | OK |
Version: 0.9.22
Check: Rd files
Result: NOTE
checkRd: (-1) rptBinary.Rd:89: Lost braces
89 | Note that the distribution might not be symmetrical, in which case the emph{se} is less informative.}
| ^
Flavors: r-devel-linux-x86_64-debian-clang, r-devel-linux-x86_64-debian-gcc, r-devel-linux-x86_64-fedora-clang, r-devel-linux-x86_64-fedora-gcc, r-devel-windows-x86_64, r-patched-linux-x86_64, r-release-linux-x86_64, r-release-macos-arm64, r-release-macos-x86_64, r-release-windows-x86_64
Version: 0.9.22
Check: dependencies in R code
Result: NOTE
Namespace in Imports field not imported from: ‘methods’
All declared Imports should be used.
Flavors: r-devel-linux-x86_64-fedora-clang, r-devel-linux-x86_64-fedora-gcc