Last updated on 2024-06-27 01:55:27 CEST.
Flavor | Version | Tinstall | Tcheck | Ttotal | Status | Flags |
---|---|---|---|---|---|---|
r-devel-linux-x86_64-debian-clang | 1.4.6 | NOTE | ||||
r-devel-linux-x86_64-debian-gcc | 1.4.6 | 31.79 | 166.02 | 197.81 | NOTE | |
r-devel-linux-x86_64-fedora-clang | 1.4.6 | 340.06 | NOTE | |||
r-devel-linux-x86_64-fedora-gcc | 1.4.6 | 312.47 | NOTE | |||
r-devel-windows-x86_64 | 1.4.6 | 30.00 | 164.00 | 194.00 | NOTE | |
r-patched-linux-x86_64 | 1.4.6 | 32.14 | 215.27 | 247.41 | NOTE | |
r-release-linux-x86_64 | 1.4.6 | 25.04 | 218.95 | 243.99 | NOTE | |
r-release-macos-arm64 | 1.4.6 | 82.00 | NOTE | |||
r-release-macos-x86_64 | 1.4.6 | 124.00 | NOTE | |||
r-release-windows-x86_64 | 1.4.6 | 31.00 | 164.00 | 195.00 | NOTE | |
r-oldrel-macos-arm64 | 1.4.6 | 83.00 | OK | |||
r-oldrel-macos-x86_64 | 1.4.6 | 146.00 | OK | |||
r-oldrel-windows-x86_64 | 1.4.6 | 42.00 | 212.00 | 254.00 | OK |
Version: 1.4.6
Check: Rd files
Result: NOTE
checkRd: (-1) mgraph.Rd:62: Lost braces
62 | \item{TC}{target class (for multi-class classification class) within {1,...,\emph{Nc}}, where \emph{Nc} is the number of classes. If multi-class and TC==-1 then TC is set to
| ^
checkRd: (-1) mmetric.Rd:112: Lost braces
112 | \item{TC}{target class index or vector of indexes (for multi-class classification class) within {1,...,\emph{Nc}}, where \emph{Nc} is the number of classes:<cr>
| ^
checkRd: (-1) mparheuristic.Rd:27: Lost braces
27 | except for SVM several \code{rbfdot} kernel based models (\code{"ksvm"},\code{"rsvm"},\code{"lssvm"}, which can assume \code{2^}{search-range}; please check the result of this function to confirm if the search is linear or \code{2^}{search-range}).
| ^
checkRd: (-1) mparheuristic.Rd:27: Lost braces
27 | except for SVM several \code{rbfdot} kernel based models (\code{"ksvm"},\code{"rsvm"},\code{"lssvm"}, which can assume \code{2^}{search-range}; please check the result of this function to confirm if the search is linear or \code{2^}{search-range}).
| ^
Flavors: r-devel-linux-x86_64-debian-clang, r-devel-linux-x86_64-debian-gcc, r-devel-linux-x86_64-fedora-clang, r-devel-linux-x86_64-fedora-gcc, r-devel-windows-x86_64, r-patched-linux-x86_64, r-release-linux-x86_64, r-release-macos-arm64, r-release-macos-x86_64, r-release-windows-x86_64