Last updated on 2024-06-27 01:55:27 CEST.
Flavor | Version | Tinstall | Tcheck | Ttotal | Status | Flags |
---|---|---|---|---|---|---|
r-devel-linux-x86_64-debian-clang | 2023.12.21 | OK | ||||
r-devel-linux-x86_64-debian-gcc | 2023.12.21 | 212.81 | 273.10 | 485.91 | OK | |
r-devel-linux-x86_64-fedora-clang | 2023.12.21 | 1023.89 | OK | |||
r-devel-linux-x86_64-fedora-gcc | 2023.12.21 | 986.28 | OK | |||
r-devel-windows-x86_64 | 2023.12.21 | 236.00 | 304.00 | 540.00 | OK | |
r-patched-linux-x86_64 | 2023.12.21 | 206.31 | 363.26 | 569.57 | OK | |
r-release-linux-x86_64 | 2023.12.21 | 194.85 | 365.21 | 560.06 | OK | |
r-release-macos-arm64 | 2023.12.21 | 185.00 | NOTE | |||
r-release-macos-x86_64 | 2023.12.21 | 237.00 | NOTE | |||
r-release-windows-x86_64 | 2023.12.21 | 234.00 | 308.00 | 542.00 | OK | |
r-oldrel-macos-arm64 | 2023.12.21 | 222.00 | NOTE | |||
r-oldrel-macos-x86_64 | 2023.12.21 | 346.00 | NOTE | |||
r-oldrel-windows-x86_64 | 2023.12.21 | 303.00 | 388.00 | 691.00 | OK |
Version: 2023.12.21
Check: installed package size
Result: NOTE
installed size is 10.2Mb
sub-directories of 1Mb or more:
R 1.1Mb
libs 8.7Mb
Flavors: r-release-macos-arm64, r-release-macos-x86_64, r-oldrel-macos-arm64, r-oldrel-macos-x86_64