Last updated on 2024-06-27 01:55:26 CEST.
Flavor | Version | Tinstall | Tcheck | Ttotal | Status | Flags |
---|---|---|---|---|---|---|
r-devel-linux-x86_64-debian-clang | 0.0.5 | NOTE | ||||
r-devel-linux-x86_64-debian-gcc | 0.0.5 | 104.04 | 25.87 | 129.91 | NOTE | |
r-devel-linux-x86_64-fedora-clang | 0.0.5 | 299.16 | NOTE | |||
r-devel-linux-x86_64-fedora-gcc | 0.0.5 | 303.84 | NOTE | |||
r-devel-windows-x86_64 | 0.0.5 | 123.00 | 68.00 | 191.00 | NOTE | |
r-patched-linux-x86_64 | 0.0.5 | 127.83 | 32.35 | 160.18 | NOTE | |
r-release-linux-x86_64 | 0.0.5 | 127.85 | 32.96 | 160.81 | NOTE | |
r-release-macos-arm64 | 0.0.5 | 49.00 | NOTE | |||
r-release-macos-x86_64 | 0.0.5 | 48.00 | NOTE | |||
r-release-windows-x86_64 | 0.0.5 | 124.00 | 66.00 | 190.00 | NOTE | |
r-oldrel-macos-arm64 | 0.0.5 | 59.00 | NOTE | |||
r-oldrel-macos-x86_64 | 0.0.5 | 108.00 | NOTE | |||
r-oldrel-windows-x86_64 | 0.0.5 | 147.00 | 76.00 | 223.00 | NOTE |
Version: 0.0.5
Check: Rd files
Result: NOTE
checkRd: (-1) farthest_point_sampling.Rd:28: Lost braces; missing escapes or markup?
28 | space P = {p_1, ..., p_k}, such that each p_i is the farthest
| ^
Flavors: r-devel-linux-x86_64-debian-clang, r-devel-linux-x86_64-debian-gcc, r-devel-linux-x86_64-fedora-clang, r-devel-linux-x86_64-fedora-gcc, r-devel-windows-x86_64, r-patched-linux-x86_64, r-release-linux-x86_64, r-release-macos-arm64, r-release-macos-x86_64, r-release-windows-x86_64
Version: 0.0.5
Check: LazyData
Result: NOTE
'LazyData' is specified without a 'data' directory
Flavors: r-devel-linux-x86_64-debian-clang, r-devel-linux-x86_64-debian-gcc, r-devel-linux-x86_64-fedora-clang, r-devel-linux-x86_64-fedora-gcc, r-devel-windows-x86_64, r-patched-linux-x86_64, r-release-linux-x86_64, r-release-macos-arm64, r-release-macos-x86_64, r-release-windows-x86_64, r-oldrel-macos-arm64, r-oldrel-macos-x86_64, r-oldrel-windows-x86_64