Last updated on 2024-06-27 01:55:26 CEST.
Flavor | Version | Tinstall | Tcheck | Ttotal | Status | Flags |
---|---|---|---|---|---|---|
r-devel-linux-x86_64-debian-clang | 0.2.0 | NOTE | ||||
r-devel-linux-x86_64-debian-gcc | 0.2.0 | 4.81 | 42.02 | 46.83 | NOTE | |
r-devel-linux-x86_64-fedora-clang | 0.2.0 | 77.43 | NOTE | |||
r-devel-linux-x86_64-fedora-gcc | 0.2.0 | 85.29 | NOTE | |||
r-devel-windows-x86_64 | 0.2.0 | 6.00 | 76.00 | 82.00 | NOTE | |
r-patched-linux-x86_64 | 0.2.0 | 5.94 | 51.29 | 57.23 | NOTE | |
r-release-linux-x86_64 | 0.2.0 | 3.85 | 51.23 | 55.08 | NOTE | |
r-release-macos-arm64 | 0.2.0 | 38.00 | NOTE | |||
r-release-macos-x86_64 | 0.2.0 | 54.00 | NOTE | |||
r-release-windows-x86_64 | 0.2.0 | 6.00 | 62.00 | 68.00 | NOTE | |
r-oldrel-macos-arm64 | 0.2.0 | 35.00 | NOTE | |||
r-oldrel-macos-x86_64 | 0.2.0 | 44.00 | NOTE | |||
r-oldrel-windows-x86_64 | 0.2.0 | 7.00 | 70.00 | 77.00 | NOTE |
Version: 0.2.0
Check: LazyData
Result: NOTE
'LazyData' is specified without a 'data' directory
Flavors: r-devel-linux-x86_64-debian-clang, r-devel-linux-x86_64-debian-gcc, r-devel-linux-x86_64-fedora-clang, r-devel-linux-x86_64-fedora-gcc, r-devel-windows-x86_64, r-patched-linux-x86_64, r-release-linux-x86_64, r-release-macos-arm64, r-release-macos-x86_64, r-release-windows-x86_64, r-oldrel-macos-arm64, r-oldrel-macos-x86_64, r-oldrel-windows-x86_64