Last updated on 2024-06-27 01:55:26 CEST.
Flavor | Version | Tinstall | Tcheck | Ttotal | Status | Flags |
---|---|---|---|---|---|---|
r-devel-linux-x86_64-debian-clang | 1.3.2 | OK | ||||
r-devel-linux-x86_64-debian-gcc | 1.3.2 | 223.61 | 30.78 | 254.39 | OK | |
r-devel-linux-x86_64-fedora-clang | 1.3.2 | 315.36 | OK | |||
r-devel-linux-x86_64-fedora-gcc | 1.3.2 | 553.51 | OK | |||
r-devel-windows-x86_64 | 1.3.2 | 216.00 | 93.00 | 309.00 | NOTE | |
r-patched-linux-x86_64 | 1.3.2 | 238.72 | 39.34 | 278.06 | OK | |
r-release-linux-x86_64 | 1.3.2 | 265.05 | 37.77 | 302.82 | OK | |
r-release-macos-arm64 | 1.3.2 | 97.00 | NOTE | |||
r-release-macos-x86_64 | 1.3.2 | 91.00 | NOTE | |||
r-release-windows-x86_64 | 1.3.2 | 228.00 | 96.00 | 324.00 | NOTE | |
r-oldrel-macos-arm64 | 1.3.2 | 97.00 | NOTE | |||
r-oldrel-macos-x86_64 | 1.3.2 | 125.00 | NOTE | |||
r-oldrel-windows-x86_64 | 1.3.2 | 257.00 | 108.00 | 365.00 | NOTE |
Version: 1.3.2
Check: installed package size
Result: NOTE
installed size is 5.1Mb
sub-directories of 1Mb or more:
libs 4.9Mb
Flavors: r-devel-windows-x86_64, r-release-macos-arm64, r-release-macos-x86_64, r-release-windows-x86_64, r-oldrel-macos-arm64, r-oldrel-macos-x86_64, r-oldrel-windows-x86_64