Last updated on 2024-06-27 01:55:28 CEST.
Flavor | Version | Tinstall | Tcheck | Ttotal | Status | Flags |
---|---|---|---|---|---|---|
r-devel-linux-x86_64-debian-clang | 0.2.4 | NOTE | ||||
r-devel-linux-x86_64-debian-gcc | 0.2.4 | 278.15 | 291.97 | 570.12 | NOTE | |
r-devel-linux-x86_64-fedora-clang | 0.2.4 | 859.01 | NOTE | |||
r-devel-linux-x86_64-fedora-gcc | 0.2.4 | 1730.02 | NOTE | |||
r-devel-windows-x86_64 | 0.2.4 | 259.00 | 288.00 | 547.00 | NOTE | |
r-patched-linux-x86_64 | 0.2.4 | 0.01 | 2.57 | 2.58 | ERROR | |
r-release-linux-x86_64 | 0.2.4 | 268.59 | 447.20 | 715.79 | NOTE | |
r-release-macos-arm64 | 0.2.4 | 205.00 | NOTE | |||
r-release-macos-x86_64 | 0.2.4 | 340.00 | NOTE | |||
r-release-windows-x86_64 | 0.2.4 | 263.00 | 265.00 | 528.00 | NOTE | |
r-oldrel-macos-arm64 | 0.2.4 | 150.00 | NOTE | |||
r-oldrel-macos-x86_64 | 0.2.4 | 355.00 | NOTE | |||
r-oldrel-windows-x86_64 | 0.2.4 | 340.00 | 308.00 | 648.00 | NOTE |
Version: 0.2.4
Check: for GNU extensions in Makefiles
Result: NOTE
GNU make is a SystemRequirements.
Flavors: r-devel-linux-x86_64-debian-clang, r-devel-linux-x86_64-debian-gcc, r-devel-linux-x86_64-fedora-clang, r-devel-linux-x86_64-fedora-gcc, r-devel-windows-x86_64, r-release-linux-x86_64, r-release-macos-arm64, r-release-macos-x86_64, r-release-windows-x86_64, r-oldrel-macos-arm64, r-oldrel-macos-x86_64, r-oldrel-windows-x86_64
Version: 0.2.4
Check: dependencies in R code
Result: NOTE
Namespace in Imports field not imported from: ‘rstantools’
All declared Imports should be used.
Flavors: r-devel-linux-x86_64-fedora-clang, r-devel-linux-x86_64-fedora-gcc
Version: 0.2.4
Check: whether package can be installed
Result: ERROR
Installation failed.
Flavor: r-patched-linux-x86_64
Version: 0.2.4
Check: installed package size
Result: NOTE
installed size is 88.7Mb
sub-directories of 1Mb or more:
libs 87.5Mb
Flavors: r-release-macos-arm64, r-release-macos-x86_64, r-oldrel-macos-arm64, r-oldrel-macos-x86_64