Last updated on 2024-06-17 01:48:38 CEST.
Flavor | Version | Tinstall | Tcheck | Ttotal | Status | Flags |
---|---|---|---|---|---|---|
r-devel-linux-x86_64-debian-clang | 1.66 | 91.73 | 433.94 | 525.67 | OK | |
r-devel-linux-x86_64-debian-gcc | 1.66 | 72.59 | 299.44 | 372.03 | OK | |
r-devel-linux-x86_64-fedora-clang | 1.66 | 633.33 | NOTE | |||
r-devel-linux-x86_64-fedora-gcc | 1.66 | 624.00 | OK | |||
r-devel-windows-x86_64 | 1.66 | 96.00 | 346.00 | 442.00 | NOTE | |
r-patched-linux-x86_64 | 1.66 | 96.00 | 414.92 | 510.92 | OK | |
r-release-linux-x86_64 | 1.66 | 83.35 | 415.45 | 498.80 | OK | |
r-release-macos-arm64 | 1.66 | 142.00 | NOTE | |||
r-release-macos-x86_64 | 1.66 | 221.00 | NOTE | |||
r-release-windows-x86_64 | 1.66 | 97.00 | 350.00 | 447.00 | NOTE | |
r-oldrel-macos-arm64 | 1.66 | 154.00 | NOTE | |||
r-oldrel-macos-x86_64 | 1.66 | 505.00 | NOTE | |||
r-oldrel-windows-x86_64 | 1.66 | 98.00 | 420.00 | 518.00 | NOTE |
Version: 1.66
Check: installed package size
Result: NOTE
installed size is 10.6Mb
sub-directories of 1Mb or more:
R 1.7Mb
contrib 3.8Mb
doc 3.0Mb
Flavors: r-devel-linux-x86_64-fedora-clang, r-devel-windows-x86_64, r-release-macos-arm64, r-release-macos-x86_64, r-release-windows-x86_64, r-oldrel-macos-arm64, r-oldrel-macos-x86_64, r-oldrel-windows-x86_64