Last updated on 2024-06-30 01:54:43 CEST.
Flavor | Version | Tinstall | Tcheck | Ttotal | Status | Flags |
---|---|---|---|---|---|---|
r-devel-linux-x86_64-debian-clang | 2.2 | 17.22 | 118.46 | 135.68 | OK | |
r-devel-linux-x86_64-debian-gcc | 2.2 | 12.38 | 86.30 | 98.68 | OK | |
r-devel-linux-x86_64-fedora-clang | 2.2 | 170.35 | NOTE | |||
r-devel-linux-x86_64-fedora-gcc | 2.2 | 163.04 | OK | |||
r-devel-windows-x86_64 | 2.2 | 10.00 | 88.00 | 98.00 | OK | |
r-patched-linux-x86_64 | 2.2 | 15.32 | 111.53 | 126.85 | OK | |
r-release-linux-x86_64 | 2.2 | 16.51 | 111.37 | 127.88 | OK | |
r-release-macos-arm64 | 2.2 | 75.00 | OK | |||
r-release-macos-x86_64 | 2.2 | 87.00 | OK | |||
r-release-windows-x86_64 | 2.2 | 10.00 | 89.00 | 99.00 | OK | |
r-oldrel-macos-arm64 | 2.2 | 48.00 | OK | |||
r-oldrel-macos-x86_64 | 2.2 | 86.00 | OK | |||
r-oldrel-windows-x86_64 | 2.2 | 13.00 | 104.00 | 117.00 | OK |
Version: 2.2
Check: Rd cross-references
Result: NOTE
Undeclared package ‘qrNLMM’ in Rd xrefs
Flavor: r-devel-linux-x86_64-fedora-clang