Last updated on 2024-06-27 01:55:25 CEST.
Flavor | Version | Tinstall | Tcheck | Ttotal | Status | Flags |
---|---|---|---|---|---|---|
r-devel-linux-x86_64-debian-clang | 1.0.0 | OK | ||||
r-devel-linux-x86_64-debian-gcc | 1.0.0 | 8.96 | 171.53 | 180.49 | OK | |
r-devel-linux-x86_64-fedora-clang | 1.0.0 | 333.10 | NOTE | |||
r-devel-linux-x86_64-fedora-gcc | 1.0.0 | 261.15 | OK | |||
r-devel-windows-x86_64 | 1.0.0 | 11.00 | 195.00 | 206.00 | NOTE | |
r-patched-linux-x86_64 | 1.0.0 | 18.18 | 248.40 | 266.58 | OK | |
r-release-linux-x86_64 | 1.0.0 | 12.58 | 246.83 | 259.41 | OK | |
r-release-macos-arm64 | 1.0.0 | 83.00 | NOTE | |||
r-release-macos-x86_64 | 1.0.0 | 142.00 | NOTE | |||
r-release-windows-x86_64 | 1.0.0 | 12.00 | 207.00 | 219.00 | NOTE | |
r-oldrel-macos-arm64 | 1.0.0 | 92.00 | NOTE | |||
r-oldrel-macos-x86_64 | 1.0.0 | 233.00 | NOTE | |||
r-oldrel-windows-x86_64 | 1.0.0 | 15.00 | 239.00 | 254.00 | NOTE |
Version: 1.0.0
Check: installed package size
Result: NOTE
installed size is 7.0Mb
sub-directories of 1Mb or more:
data 2.7Mb
extdata 3.6Mb
Flavors: r-devel-linux-x86_64-fedora-clang, r-devel-windows-x86_64, r-release-macos-arm64, r-release-macos-x86_64, r-release-windows-x86_64, r-oldrel-macos-arm64, r-oldrel-macos-x86_64, r-oldrel-windows-x86_64