Last updated on 2024-06-27 01:55:24 CEST.
Flavor | Version | Tinstall | Tcheck | Ttotal | Status | Flags |
---|---|---|---|---|---|---|
r-devel-linux-x86_64-debian-clang | 0.2.3 | NOTE | ||||
r-devel-linux-x86_64-debian-gcc | 0.2.3 | 11.37 | 139.40 | 150.77 | NOTE | |
r-devel-linux-x86_64-fedora-clang | 0.2.3 | 245.38 | NOTE | |||
r-devel-linux-x86_64-fedora-gcc | 0.2.3 | 248.93 | NOTE | |||
r-devel-windows-x86_64 | 0.2.3 | 12.00 | 131.00 | 143.00 | NOTE | |
r-patched-linux-x86_64 | 0.2.3 | 14.97 | 177.35 | 192.32 | NOTE | |
r-release-linux-x86_64 | 0.2.3 | 8.54 | 178.93 | 187.47 | NOTE | |
r-release-macos-arm64 | 0.2.3 | 67.00 | NOTE | |||
r-release-macos-x86_64 | 0.2.3 | 101.00 | NOTE | |||
r-release-windows-x86_64 | 0.2.3 | 13.00 | 136.00 | 149.00 | NOTE | |
r-oldrel-macos-arm64 | 0.2.3 | 71.00 | NOTE | |||
r-oldrel-macos-x86_64 | 0.2.3 | 115.00 | NOTE | |||
r-oldrel-windows-x86_64 | 0.2.3 | 16.00 | 161.00 | 177.00 | NOTE |
Version: 0.2.3
Check: package subdirectories
Result: NOTE
Problems with news in ‘NEWS.md’:
No news entries found.
Flavors: r-devel-linux-x86_64-debian-clang, r-devel-linux-x86_64-debian-gcc, r-devel-linux-x86_64-fedora-clang, r-devel-linux-x86_64-fedora-gcc, r-devel-windows-x86_64, r-patched-linux-x86_64, r-release-linux-x86_64, r-release-macos-arm64, r-release-macos-x86_64, r-release-windows-x86_64, r-oldrel-macos-arm64, r-oldrel-macos-x86_64, r-oldrel-windows-x86_64