Last updated on 2024-06-27 01:55:24 CEST.
Flavor | Version | Tinstall | Tcheck | Ttotal | Status | Flags |
---|---|---|---|---|---|---|
r-devel-linux-x86_64-debian-clang | 2.2.0 | OK | ||||
r-devel-linux-x86_64-debian-gcc | 2.2.0 | 379.45 | 113.17 | 492.62 | OK | |
r-devel-linux-x86_64-fedora-clang | 2.2.0 | 840.61 | NOTE | |||
r-devel-linux-x86_64-fedora-gcc | 2.2.0 | 1053.91 | OK | |||
r-devel-windows-x86_64 | 2.2.0 | 356.00 | 160.00 | 516.00 | OK | |
r-patched-linux-x86_64 | 2.2.0 | 470.91 | 150.71 | 621.62 | OK | |
r-release-linux-x86_64 | 2.2.0 | 437.61 | 152.38 | 589.99 | OK | |
r-release-macos-arm64 | 2.2.0 | 195.00 | NOTE | |||
r-release-macos-x86_64 | 2.2.0 | 214.00 | NOTE | |||
r-release-windows-x86_64 | 2.2.0 | 366.00 | 170.00 | 536.00 | OK | |
r-oldrel-macos-arm64 | 2.2.0 | 248.00 | NOTE | |||
r-oldrel-macos-x86_64 | 2.2.0 | 407.00 | NOTE | |||
r-oldrel-windows-x86_64 | 2.2.0 | 445.00 | 193.00 | 638.00 | OK |
Version: 2.2.0
Check: installed package size
Result: NOTE
installed size is 5.4Mb
sub-directories of 1Mb or more:
libs 4.2Mb
Flavors: r-devel-linux-x86_64-fedora-clang, r-release-macos-arm64, r-release-macos-x86_64, r-oldrel-macos-arm64, r-oldrel-macos-x86_64