Last updated on 2024-06-30 01:54:42 CEST.
Flavor | Version | Tinstall | Tcheck | Ttotal | Status | Flags |
---|---|---|---|---|---|---|
r-devel-linux-x86_64-debian-clang | 0.22.0 | 33.49 | 494.65 | 528.14 | OK | |
r-devel-linux-x86_64-debian-gcc | 0.22.0 | 24.92 | 355.30 | 380.22 | OK | |
r-devel-linux-x86_64-fedora-clang | 0.22.0 | 696.96 | NOTE | |||
r-devel-linux-x86_64-fedora-gcc | 0.22.0 | 638.24 | OK | |||
r-devel-windows-x86_64 | 0.22.0 | 31.00 | 308.00 | 339.00 | OK | |
r-patched-linux-x86_64 | 0.22.0 | 29.22 | 463.80 | 493.02 | OK | |
r-release-linux-x86_64 | 0.22.0 | 29.06 | 470.42 | 499.48 | OK | |
r-release-macos-arm64 | 0.22.0 | 146.00 | OK | |||
r-release-macos-x86_64 | 0.22.0 | 437.00 | OK | |||
r-release-windows-x86_64 | 0.22.0 | 31.00 | 309.00 | 340.00 | OK | |
r-oldrel-macos-arm64 | 0.22.0 | 10.00 | ERROR | |||
r-oldrel-macos-x86_64 | 0.22.0 | 11.00 | ERROR | |||
r-oldrel-windows-x86_64 | 0.22.0 | 41.00 | 393.00 | 434.00 | OK |
Version: 0.22.0
Check: package dependencies
Result: NOTE
Package suggested but not available for checking: ‘BayesFM’
Flavor: r-devel-linux-x86_64-fedora-clang
Version: 0.22.0
Check: package dependencies
Result: ERROR
Package required and available but unsuitable version: ‘datawizard’
See section ‘The DESCRIPTION file’ in the ‘Writing R Extensions’
manual.
Flavors: r-oldrel-macos-arm64, r-oldrel-macos-x86_64