Last updated on 2024-06-27 01:55:24 CEST.
Flavor | Version | Tinstall | Tcheck | Ttotal | Status | Flags |
---|---|---|---|---|---|---|
r-devel-linux-x86_64-debian-clang | 1.56.2 | OK | ||||
r-devel-linux-x86_64-debian-gcc | 1.56.2 | 7.09 | 61.86 | 68.95 | WARN | |
r-devel-linux-x86_64-fedora-clang | 1.56.2 | 116.99 | WARN | |||
r-devel-linux-x86_64-fedora-gcc | 1.56.2 | 110.19 | WARN | |||
r-devel-windows-x86_64 | 1.56.2 | 11.00 | 84.00 | 95.00 | WARN | |
r-patched-linux-x86_64 | 1.56.2 | 8.67 | 81.50 | 90.17 | WARN | |
r-release-linux-x86_64 | 1.56.2 | 7.78 | 80.76 | 88.54 | WARN | |
r-release-macos-arm64 | 1.56.2 | 37.00 | OK | |||
r-release-macos-x86_64 | 1.56.2 | 86.00 | OK | |||
r-release-windows-x86_64 | 1.56.2 | 11.00 | 84.00 | 95.00 | WARN | |
r-oldrel-macos-arm64 | 1.56.2 | 45.00 | OK | |||
r-oldrel-macos-x86_64 | 1.56.2 | 85.00 | OK | |||
r-oldrel-windows-x86_64 | 1.56.2 | 13.00 | 96.00 | 109.00 | OK |
Version: 1.56.2
Check: whether package can be installed
Result: WARN
Found the following significant warnings:
Warning: Fortran 2018 deleted feature: DO termination statement which is not END DO or CONTINUE with label 20 at (1)
Warning: Fortran 2018 deleted feature: DO termination statement which is not END DO or CONTINUE with label 35 at (1)
See ‘/home/hornik/tmp/R.check/r-devel-gcc/Work/PKGS/pamr.Rcheck/00install.out’ for details.
* used Fortran compiler: ‘GNU Fortran (Debian 13.3.0-1) 13.3.0’
Flavor: r-devel-linux-x86_64-debian-gcc
Version: 1.56.2
Check: whether package can be installed
Result: WARN
Found the following significant warnings:
./knnimpute.f:97:19: portability: A DO loop should terminate with an END DO or CONTINUE
./knnimpute.f:111:22: portability: A DO loop should terminate with an END DO or CONTINUE
See ‘/data/gannet/ripley/R/packages/tests-clang/pamr.Rcheck/00install.out’ for details.
* used Fortran compiler: ‘flang-new version 18.1.7’
Flavor: r-devel-linux-x86_64-fedora-clang
Version: 1.56.2
Check: compiled code
Result: NOTE
File ‘pamr/libs/pamr.so’:
Found no calls to: ‘R_registerRoutines’, ‘R_useDynamicSymbols’
It is good practice to register native routines and to disable symbol
search.
See ‘Writing portable packages’ in the ‘Writing R Extensions’ manual.
Flavors: r-devel-linux-x86_64-fedora-clang, r-devel-linux-x86_64-fedora-gcc
Version: 1.56.2
Check: whether package can be installed
Result: WARN
Found the following significant warnings:
Warning: Fortran 2018 deleted feature: DO termination statement which is not END DO or CONTINUE with label 20 at (1)
Warning: Fortran 2018 deleted feature: DO termination statement which is not END DO or CONTINUE with label 35 at (1)
See ‘/data/gannet/ripley/R/packages/tests-devel/pamr.Rcheck/00install.out’ for details.
* used Fortran compiler: ‘GNU Fortran (GCC) 14.1.0’
Flavor: r-devel-linux-x86_64-fedora-gcc
Version: 1.56.2
Check: whether package can be installed
Result: WARN
Found the following significant warnings:
Warning: Fortran 2018 deleted feature: DO termination statement which is not END DO or CONTINUE with label 20 at (1)
Warning: Fortran 2018 deleted feature: DO termination statement which is not END DO or CONTINUE with label 35 at (1)
See 'd:/Rcompile/CRANpkg/local/4.5/pamr.Rcheck/00install.out' for details.
* used Fortran compiler: 'GNU Fortran (GCC) 13.2.0'
Flavor: r-devel-windows-x86_64
Version: 1.56.2
Check: whether package can be installed
Result: WARN
Found the following significant warnings:
Warning: Fortran 2018 deleted feature: DO termination statement which is not END DO or CONTINUE with label 20 at (1)
Warning: Fortran 2018 deleted feature: DO termination statement which is not END DO or CONTINUE with label 35 at (1)
See ‘/home/hornik/tmp/R.check/r-patched-gcc/Work/PKGS/pamr.Rcheck/00install.out’ for details.
* used Fortran compiler: ‘GNU Fortran (Debian 13.2.0-25) 13.2.0’
Flavor: r-patched-linux-x86_64
Version: 1.56.2
Check: whether package can be installed
Result: WARN
Found the following significant warnings:
Warning: Fortran 2018 deleted feature: DO termination statement which is not END DO or CONTINUE with label 20 at (1)
Warning: Fortran 2018 deleted feature: DO termination statement which is not END DO or CONTINUE with label 35 at (1)
See ‘/home/hornik/tmp/R.check/r-release-gcc/Work/PKGS/pamr.Rcheck/00install.out’ for details.
* used Fortran compiler: ‘GNU Fortran (Debian 13.2.0-25) 13.2.0’
Flavor: r-release-linux-x86_64
Version: 1.56.2
Check: whether package can be installed
Result: WARN
Found the following significant warnings:
Warning: Fortran 2018 deleted feature: DO termination statement which is not END DO or CONTINUE with label 20 at (1)
Warning: Fortran 2018 deleted feature: DO termination statement which is not END DO or CONTINUE with label 35 at (1)
See 'd:/Rcompile/CRANpkg/local/4.4/pamr.Rcheck/00install.out' for details.
* used Fortran compiler: 'GNU Fortran (GCC) 13.2.0'
Flavor: r-release-windows-x86_64