Last updated on 2024-06-27 01:55:24 CEST.
Flavor | Version | Tinstall | Tcheck | Ttotal | Status | Flags |
---|---|---|---|---|---|---|
r-devel-linux-x86_64-debian-clang | 1.0.8 | OK | ||||
r-devel-linux-x86_64-debian-gcc | 1.0.8 | 9.29 | 88.39 | 97.68 | OK | |
r-devel-linux-x86_64-fedora-clang | 1.0.8 | 159.79 | NOTE | |||
r-devel-linux-x86_64-fedora-gcc | 1.0.8 | 165.89 | OK | |||
r-devel-windows-x86_64 | 1.0.8 | 13.00 | 72.00 | 85.00 | OK | --no-vignettes |
r-patched-linux-x86_64 | 1.0.8 | 12.03 | 112.02 | 124.05 | OK | |
r-release-linux-x86_64 | 1.0.8 | 9.39 | 117.41 | 126.80 | OK | |
r-release-macos-arm64 | 1.0.8 | 53.00 | OK | |||
r-release-macos-x86_64 | 1.0.8 | 86.00 | OK | |||
r-release-windows-x86_64 | 1.0.8 | 13.00 | 93.00 | 106.00 | OK | --no-vignettes |
r-oldrel-macos-arm64 | 1.0.8 | 60.00 | OK | |||
r-oldrel-macos-x86_64 | 1.0.8 | 183.00 | OK | |||
r-oldrel-windows-x86_64 | 1.0.8 | 16.00 | 79.00 | 95.00 | OK | --no-vignettes |
Version: 1.0.8
Check: Rd cross-references
Result: NOTE
Undeclared package ‘VGAM’ in Rd xrefs
Flavor: r-devel-linux-x86_64-fedora-clang