Last updated on 2024-06-27 01:55:23 CEST.
Flavor | Version | Tinstall | Tcheck | Ttotal | Status | Flags |
---|---|---|---|---|---|---|
r-devel-linux-x86_64-debian-clang | 2.2.6 | NOTE | ||||
r-devel-linux-x86_64-debian-gcc | 2.2.6 | 133.74 | 396.82 | 530.56 | NOTE | |
r-devel-linux-x86_64-fedora-clang | 2.2.6 | 952.20 | NOTE | |||
r-devel-linux-x86_64-fedora-gcc | 2.2.6 | 941.64 | NOTE | |||
r-devel-windows-x86_64 | 2.2.6 | 158.00 | 393.00 | 551.00 | NOTE | |
r-patched-linux-x86_64 | 2.2.6 | 173.96 | 524.62 | 698.58 | NOTE | |
r-release-linux-x86_64 | 2.2.6 | 167.44 | 525.75 | 693.19 | NOTE | |
r-release-macos-arm64 | 2.2.6 | 191.00 | NOTE | |||
r-release-macos-x86_64 | 2.2.6 | 288.00 | NOTE | |||
r-release-windows-x86_64 | 2.2.6 | 167.00 | 405.00 | 572.00 | NOTE | |
r-oldrel-macos-arm64 | 2.2.6 | 214.00 | NOTE | |||
r-oldrel-macos-x86_64 | 2.2.6 | 390.00 | NOTE | |||
r-oldrel-windows-x86_64 | 2.2.6 | 203.00 | 510.00 | 713.00 | NOTE |
Version: 2.2.6
Check: for GNU extensions in Makefiles
Result: NOTE
GNU make is a SystemRequirements.
Flavors: r-devel-linux-x86_64-debian-clang, r-devel-linux-x86_64-debian-gcc, r-devel-linux-x86_64-fedora-clang, r-devel-linux-x86_64-fedora-gcc, r-devel-windows-x86_64, r-patched-linux-x86_64, r-release-linux-x86_64, r-release-macos-arm64, r-release-macos-x86_64, r-release-windows-x86_64, r-oldrel-macos-arm64, r-oldrel-macos-x86_64, r-oldrel-windows-x86_64
Version: 2.2.6
Check: package dependencies
Result: NOTE
Packages suggested but not available for checking: 'RMark', 'R2ucare'
Flavors: r-patched-linux-x86_64, r-release-linux-x86_64
Version: 2.2.6
Check: installed package size
Result: NOTE
installed size is 6.3Mb
sub-directories of 1Mb or more:
exampledata 1.5Mb
libs 3.5Mb
Flavors: r-release-macos-arm64, r-release-macos-x86_64, r-oldrel-macos-arm64, r-oldrel-macos-x86_64