Last updated on 2024-06-18 01:50:20 CEST.
Flavor | Version | Tinstall | Tcheck | Ttotal | Status | Flags |
---|---|---|---|---|---|---|
r-devel-linux-x86_64-debian-clang | 0.4.8 | 8.41 | 69.44 | 77.85 | OK | |
r-devel-linux-x86_64-debian-gcc | 0.4.8 | 6.59 | 53.81 | 60.40 | OK | |
r-devel-linux-x86_64-fedora-clang | 0.4.8 | 98.21 | NOTE | |||
r-devel-linux-x86_64-fedora-gcc | 0.4.8 | 107.95 | OK | |||
r-devel-windows-x86_64 | 0.4.8 | 10.00 | 99.00 | 109.00 | OK | |
r-patched-linux-x86_64 | 0.4.8 | 8.07 | 67.88 | 75.95 | OK | |
r-release-linux-x86_64 | 0.4.8 | 6.75 | 67.97 | 74.72 | OK | |
r-release-macos-arm64 | 0.4.8 | 41.00 | OK | |||
r-release-macos-x86_64 | 0.4.8 | 60.00 | OK | |||
r-release-windows-x86_64 | 0.4.8 | 10.00 | 99.00 | 109.00 | OK | |
r-oldrel-macos-arm64 | 0.4.8 | 43.00 | OK | |||
r-oldrel-macos-x86_64 | 0.4.8 | 76.00 | OK | |||
r-oldrel-windows-x86_64 | 0.4.8 | 11.00 | 101.00 | 112.00 | OK |
Version: 0.4.8
Check: Rd cross-references
Result: NOTE
Undeclared package ‘sfheaders’ in Rd xrefs
Flavor: r-devel-linux-x86_64-fedora-clang