Last updated on 2024-06-27 01:55:23 CEST.
Flavor | Version | Tinstall | Tcheck | Ttotal | Status | Flags |
---|---|---|---|---|---|---|
r-devel-linux-x86_64-debian-clang | 1.2.0 | OK | ||||
r-devel-linux-x86_64-debian-gcc | 1.2.0 | 395.88 | 255.45 | 651.33 | OK | |
r-devel-linux-x86_64-fedora-clang | 1.2.0 | 1265.72 | NOTE | |||
r-devel-linux-x86_64-fedora-gcc | 1.2.0 | 1237.98 | OK | |||
r-devel-windows-x86_64 | 1.2.0 | 466.00 | 262.00 | 728.00 | NOTE | |
r-patched-linux-x86_64 | 1.2.0 | 486.18 | 346.38 | 832.56 | OK | |
r-release-linux-x86_64 | 1.2.0 | 472.85 | 346.45 | 819.30 | OK | |
r-release-macos-arm64 | 1.2.0 | 250.00 | NOTE | |||
r-release-macos-x86_64 | 1.2.0 | 770.00 | NOTE | |||
r-release-windows-x86_64 | 1.2.0 | 486.00 | 263.00 | 749.00 | NOTE | |
r-oldrel-macos-arm64 | 1.2.0 | 262.00 | NOTE | |||
r-oldrel-macos-x86_64 | 1.2.0 | 583.00 | NOTE | |||
r-oldrel-windows-x86_64 | 1.2.0 | 595.00 | 326.00 | 921.00 | NOTE |
Version: 1.2.0
Check: installed package size
Result: NOTE
installed size is 25.9Mb
sub-directories of 1Mb or more:
CppCode 2.8Mb
R 8.3Mb
classic-bugs 1.6Mb
include 11.9Mb
Flavors: r-devel-linux-x86_64-fedora-clang, r-devel-windows-x86_64, r-release-macos-arm64, r-release-macos-x86_64, r-release-windows-x86_64, r-oldrel-macos-arm64, r-oldrel-macos-x86_64, r-oldrel-windows-x86_64