Last updated on 2024-06-27 01:55:23 CEST.
Flavor | Version | Tinstall | Tcheck | Ttotal | Status | Flags |
---|---|---|---|---|---|---|
r-devel-linux-x86_64-debian-clang | 1.0.0 | NOTE | ||||
r-devel-linux-x86_64-debian-gcc | 1.0.0 | 30.43 | 270.78 | 301.21 | NOTE | |
r-devel-linux-x86_64-fedora-clang | 1.0.0 | 512.54 | NOTE | |||
r-devel-linux-x86_64-fedora-gcc | 1.0.0 | 508.51 | NOTE | |||
r-devel-windows-x86_64 | 1.0.0 | 34.00 | 446.00 | 480.00 | NOTE | |
r-patched-linux-x86_64 | 1.0.0 | 33.76 | 362.20 | 395.96 | NOTE | |
r-release-linux-x86_64 | 1.0.0 | 33.53 | 364.79 | 398.32 | NOTE | |
r-release-macos-arm64 | 1.0.0 | 130.00 | NOTE | |||
r-release-macos-x86_64 | 1.0.0 | 264.00 | NOTE | |||
r-release-windows-x86_64 | 1.0.0 | 34.00 | 453.00 | 487.00 | NOTE | |
r-oldrel-macos-arm64 | 1.0.0 | 175.00 | OK | |||
r-oldrel-macos-x86_64 | 1.0.0 | 292.00 | OK | |||
r-oldrel-windows-x86_64 | 1.0.0 | 43.00 | 520.00 | 563.00 | OK |
Version: 1.0.0
Check: Rd files
Result: NOTE
checkRd: (-1) spec_clust.Rd:33: Lost braces; missing escapes or markup?
33 | A label vector of size n x 1 with elements in {1,2,...,K}
| ^
Flavors: r-devel-linux-x86_64-debian-clang, r-devel-linux-x86_64-debian-gcc, r-devel-linux-x86_64-fedora-clang, r-devel-linux-x86_64-fedora-gcc, r-devel-windows-x86_64, r-patched-linux-x86_64, r-release-linux-x86_64, r-release-macos-arm64, r-release-macos-x86_64, r-release-windows-x86_64