Last updated on 2024-06-30 01:54:41 CEST.
Flavor | Version | Tinstall | Tcheck | Ttotal | Status | Flags |
---|---|---|---|---|---|---|
r-devel-linux-x86_64-debian-clang | 0.1.1 | 35.56 | 252.10 | 287.66 | OK | |
r-devel-linux-x86_64-debian-gcc | 0.1.1 | 31.26 | 183.72 | 214.98 | OK | |
r-devel-linux-x86_64-fedora-clang | 0.1.1 | 372.70 | NOTE | |||
r-devel-linux-x86_64-fedora-gcc | 0.1.1 | 343.97 | OK | |||
r-devel-windows-x86_64 | 0.1.1 | 29.00 | 180.00 | 209.00 | OK | |
r-release-macos-arm64 | 0.1.1 | 84.00 | OK | |||
r-release-macos-x86_64 | 0.1.1 | 208.00 | OK | |||
r-oldrel-macos-arm64 | 0.1.1 | 117.00 | OK | |||
r-oldrel-macos-x86_64 | 0.1.1 | 157.00 | OK | |||
r-oldrel-windows-x86_64 | 0.1.1 | 33.00 | 213.00 | 246.00 | OK |
Version: 0.1.1
Check: Rd cross-references
Result: NOTE
Undeclared package ‘future’ in Rd xrefs
Flavor: r-devel-linux-x86_64-fedora-clang