Last updated on 2024-06-27 01:55:23 CEST.
Flavor | Version | Tinstall | Tcheck | Ttotal | Status | Flags |
---|---|---|---|---|---|---|
r-devel-linux-x86_64-debian-clang | 1.5.3 | OK | ||||
r-devel-linux-x86_64-debian-gcc | 1.5.3 | 108.78 | 378.17 | 486.95 | OK | |
r-devel-linux-x86_64-fedora-clang | 1.5.3 | 881.58 | OK | |||
r-devel-linux-x86_64-fedora-gcc | 1.5.3 | 896.79 | OK | |||
r-devel-windows-x86_64 | 1.5.3 | 94.00 | 348.00 | 442.00 | OK | |
r-patched-linux-x86_64 | 1.5.3 | 86.44 | 505.07 | 591.51 | OK | |
r-release-linux-x86_64 | 1.5.3 | 91.48 | 501.91 | 593.39 | OK | |
r-release-macos-arm64 | 1.5.3 | 214.00 | NOTE | |||
r-release-macos-x86_64 | 1.5.3 | 319.00 | NOTE | |||
r-release-windows-x86_64 | 1.5.3 | 97.00 | 362.00 | 459.00 | OK | |
r-oldrel-macos-arm64 | 1.5.3 | 208.00 | NOTE | |||
r-oldrel-macos-x86_64 | 1.5.3 | 488.00 | NOTE | |||
r-oldrel-windows-x86_64 | 1.5.3 | 129.00 | 463.00 | 592.00 | OK |
Version: 1.5.3
Check: installed package size
Result: NOTE
installed size is 29.3Mb
sub-directories of 1Mb or more:
libs 27.6Mb
Flavors: r-release-macos-arm64, r-release-macos-x86_64, r-oldrel-macos-arm64, r-oldrel-macos-x86_64