Last updated on 2024-06-27 01:55:23 CEST.
Flavor | Version | Tinstall | Tcheck | Ttotal | Status | Flags |
---|---|---|---|---|---|---|
r-devel-linux-x86_64-debian-clang | 0.1.3 | OK | ||||
r-devel-linux-x86_64-debian-gcc | 0.1.3 | 809.99 | 39.06 | 849.05 | OK | |
r-devel-linux-x86_64-fedora-clang | 0.1.3 | 2029.20 | NOTE | |||
r-devel-linux-x86_64-fedora-gcc | 0.1.3 | 1998.30 | NOTE | |||
r-devel-windows-x86_64 | 0.1.3 | 859.00 | 86.00 | 945.00 | NOTE | |
r-patched-linux-x86_64 | 0.1.3 | 1012.19 | 49.02 | 1061.21 | OK | |
r-release-linux-x86_64 | 0.1.3 | 1035.63 | 48.17 | 1083.80 | OK | |
r-release-macos-arm64 | 0.1.3 | 260.00 | NOTE | |||
r-release-macos-x86_64 | 0.1.3 | 231.00 | NOTE | |||
r-release-windows-x86_64 | 0.1.3 | 881.00 | 96.00 | 977.00 | NOTE | |
r-oldrel-macos-arm64 | 0.1.3 | 342.00 | NOTE | |||
r-oldrel-macos-x86_64 | 0.1.3 | 251.00 | NOTE | |||
r-oldrel-windows-x86_64 | 0.1.3 | 883.00 | 107.00 | 990.00 | NOTE |
Version: 0.1.3
Check: installed package size
Result: NOTE
installed size is 5.1Mb
sub-directories of 1Mb or more:
data 1.9Mb
libs 1.9Mb
models 1.1Mb
Flavors: r-devel-linux-x86_64-fedora-clang, r-devel-windows-x86_64, r-release-macos-arm64, r-release-macos-x86_64, r-release-windows-x86_64, r-oldrel-macos-arm64, r-oldrel-macos-x86_64, r-oldrel-windows-x86_64
Version: 0.1.3
Check: data for non-ASCII characters
Result: NOTE
Note: found 47936 marked UTF-8 strings
Flavors: r-devel-linux-x86_64-fedora-clang, r-devel-linux-x86_64-fedora-gcc