Last updated on 2024-06-27 01:55:22 CEST.
Flavor | Version | Tinstall | Tcheck | Ttotal | Status | Flags |
---|---|---|---|---|---|---|
r-devel-linux-x86_64-debian-clang | 3.3.2 | NOTE | ||||
r-devel-linux-x86_64-debian-gcc | 3.3.2 | 13.22 | 267.19 | 280.41 | NOTE | |
r-devel-linux-x86_64-fedora-clang | 3.3.2 | 473.44 | NOTE | |||
r-devel-linux-x86_64-fedora-gcc | 3.3.2 | 461.26 | NOTE | |||
r-devel-windows-x86_64 | 3.3.2 | 16.00 | 264.00 | 280.00 | NOTE | --no-vignettes |
r-patched-linux-x86_64 | 3.3.2 | 16.99 | 370.71 | 387.70 | NOTE | |
r-release-linux-x86_64 | 3.3.2 | 9.23 | 365.86 | 375.09 | NOTE | |
r-release-macos-arm64 | 3.3.2 | 139.00 | NOTE | |||
r-release-macos-x86_64 | 3.3.2 | 215.00 | NOTE | |||
r-release-windows-x86_64 | 3.3.2 | 18.00 | 271.00 | 289.00 | NOTE | --no-vignettes |
r-oldrel-macos-arm64 | 3.3.2 | 138.00 | OK | |||
r-oldrel-macos-x86_64 | 3.3.2 | 237.00 | OK | |||
r-oldrel-windows-x86_64 | 3.3.2 | 23.00 | 291.00 | 314.00 | OK | --no-vignettes |
Version: 3.3.2
Check: Rd files
Result: NOTE
checkRd: (-1) plot.LCx.Rd:34: Lost braces
34 | \\code{LCx} class. It plots the survival probability as a function of concentration.
| ^
Flavors: r-devel-linux-x86_64-debian-clang, r-devel-linux-x86_64-debian-gcc, r-devel-linux-x86_64-fedora-clang, r-devel-linux-x86_64-fedora-gcc, r-patched-linux-x86_64, r-release-linux-x86_64, r-release-macos-arm64, r-release-macos-x86_64
Version: 3.3.2
Check: compiled code
Result: NOTE
File ‘morse/libs/morse.so’:
Found no calls to: ‘R_registerRoutines’, ‘R_useDynamicSymbols’
It is good practice to register native routines and to disable symbol
search.
See ‘Writing portable packages’ in the ‘Writing R Extensions’ manual.
Flavors: r-devel-linux-x86_64-fedora-clang, r-devel-linux-x86_64-fedora-gcc
Version: 3.3.2
Flags: --no-vignettes
Check: Rd files
Result: NOTE
checkRd: (-1) plot.LCx.Rd:34: Lost braces
34 | \\code{LCx} class. It plots the survival probability as a function of concentration.
| ^
Flavors: r-devel-windows-x86_64, r-release-windows-x86_64