Last updated on 2024-06-27 01:55:22 CEST.
Flavor | Version | Tinstall | Tcheck | Ttotal | Status | Flags |
---|---|---|---|---|---|---|
r-devel-linux-x86_64-debian-clang | 0.2.5 | NOTE | ||||
r-devel-linux-x86_64-debian-gcc | 0.2.5 | 3.07 | 78.36 | 81.43 | NOTE | |
r-devel-linux-x86_64-fedora-clang | 0.2.5 | 143.69 | NOTE | |||
r-devel-linux-x86_64-fedora-gcc | 0.2.5 | 149.86 | NOTE | |||
r-devel-windows-x86_64 | 0.2.5 | 5.00 | 122.00 | 127.00 | NOTE | |
r-patched-linux-x86_64 | 0.2.5 | 5.96 | 108.11 | 114.07 | NOTE | |
r-release-linux-x86_64 | 0.2.5 | 5.34 | 107.57 | 112.91 | NOTE | |
r-release-macos-arm64 | 0.2.5 | 52.00 | NOTE | |||
r-release-macos-x86_64 | 0.2.5 | 73.00 | NOTE | |||
r-release-windows-x86_64 | 0.2.5 | 5.00 | 123.00 | 128.00 | NOTE | |
r-oldrel-macos-arm64 | 0.2.5 | 58.00 | OK | |||
r-oldrel-macos-x86_64 | 0.2.5 | 169.00 | OK | |||
r-oldrel-windows-x86_64 | 0.2.5 | 7.00 | 149.00 | 156.00 | OK |
Version: 0.2.5
Check: Rd files
Result: NOTE
checkRd: (-1) average.fit.models.Rd:6: Lost braces; missing escapes or markup?
6 | These function takes the output of pgls.iter and uses its list of objects { model fits, optimzations (e.g.AICc)} and performs a weighted average on the ctoefficients estimated in the former by weighting by the latter. The parameters can also optionally be converted to binary by specifying "binary=FALSE" or just running the alias wraper function for assessing evidence of variable importance (Burnham & Anderson 2000).
| ^
Flavors: r-devel-linux-x86_64-debian-clang, r-devel-linux-x86_64-debian-gcc, r-devel-linux-x86_64-fedora-clang, r-devel-linux-x86_64-fedora-gcc, r-devel-windows-x86_64, r-patched-linux-x86_64, r-release-linux-x86_64, r-release-macos-arm64, r-release-macos-x86_64, r-release-windows-x86_64