Last updated on 2024-06-30 01:54:39 CEST.
Flavor | Version | Tinstall | Tcheck | Ttotal | Status | Flags |
---|---|---|---|---|---|---|
r-devel-linux-x86_64-debian-clang | 2.1.1 | 117.84 | 48.64 | 166.48 | OK | |
r-devel-linux-x86_64-debian-gcc | 2.1.1 | 69.94 | 36.12 | 106.06 | OK | |
r-devel-linux-x86_64-fedora-clang | 2.1.1 | 203.08 | OK | |||
r-devel-linux-x86_64-fedora-gcc | 2.1.1 | 229.45 | OK | |||
r-devel-windows-x86_64 | 2.1.1 | 74.00 | 81.00 | 155.00 | OK | |
r-patched-linux-x86_64 | 2.1.1 | 80.33 | 45.73 | 126.06 | OK | |
r-release-linux-x86_64 | 2.1.1 | 89.37 | 45.49 | 134.86 | OK | |
r-release-macos-arm64 | 2.1.1 | 55.00 | NOTE | |||
r-release-macos-x86_64 | 2.1.1 | 80.00 | NOTE | |||
r-release-windows-x86_64 | 2.1.1 | 70.00 | 87.00 | 157.00 | OK | |
r-oldrel-macos-arm64 | 2.1.1 | 63.00 | NOTE | |||
r-oldrel-macos-x86_64 | 2.1.1 | 176.00 | NOTE | |||
r-oldrel-windows-x86_64 | 2.1.1 | 88.00 | 100.00 | 188.00 | OK |
Version: 2.1.1
Check: installed package size
Result: NOTE
installed size is 11.8Mb
sub-directories of 1Mb or more:
libs 11.5Mb
Flavors: r-release-macos-arm64, r-release-macos-x86_64, r-oldrel-macos-arm64, r-oldrel-macos-x86_64