Last updated on 2024-06-27 01:55:21 CEST.
Flavor | Version | Tinstall | Tcheck | Ttotal | Status | Flags |
---|---|---|---|---|---|---|
r-devel-linux-x86_64-debian-clang | 0.9.1 | OK | ||||
r-devel-linux-x86_64-debian-gcc | 0.9.1 | 7.14 | 113.26 | 120.40 | OK | |
r-devel-linux-x86_64-fedora-clang | 0.9.1 | 201.15 | NOTE | |||
r-devel-linux-x86_64-fedora-gcc | 0.9.1 | 200.69 | NOTE | |||
r-devel-windows-x86_64 | 0.9.1 | 9.00 | 119.00 | 128.00 | OK | |
r-patched-linux-x86_64 | 0.9.1 | 9.65 | 149.41 | 159.06 | OK | |
r-release-linux-x86_64 | 0.9.1 | 8.74 | 149.87 | 158.61 | OK | |
r-release-macos-arm64 | 0.9.1 | 64.00 | OK | |||
r-release-macos-x86_64 | 0.9.1 | 159.00 | OK | |||
r-release-windows-x86_64 | 0.9.1 | 11.00 | 124.00 | 135.00 | OK | |
r-oldrel-macos-arm64 | 0.9.1 | 65.00 | OK | |||
r-oldrel-macos-x86_64 | 0.9.1 | 116.00 | OK | |||
r-oldrel-windows-x86_64 | 0.9.1 | 11.00 | 144.00 | 155.00 | OK |
Version: 0.9.1
Check: data for non-ASCII characters
Result: NOTE
Note: found 13138 marked UTF-8 strings
Flavors: r-devel-linux-x86_64-fedora-clang, r-devel-linux-x86_64-fedora-gcc