Last updated on 2024-06-27 01:55:21 CEST.
Flavor | Version | Tinstall | Tcheck | Ttotal | Status | Flags |
---|---|---|---|---|---|---|
r-devel-linux-x86_64-debian-clang | 0.1.4 | OK | ||||
r-devel-linux-x86_64-debian-gcc | 0.1.4 | 8.96 | 103.75 | 112.71 | OK | |
r-devel-linux-x86_64-fedora-clang | 0.1.4 | 203.24 | OK | |||
r-devel-linux-x86_64-fedora-gcc | 0.1.4 | 198.13 | OK | |||
r-devel-windows-x86_64 | 0.1.4 | 9.00 | 124.00 | 133.00 | OK | |
r-patched-linux-x86_64 | 0.1.4 | 13.60 | 132.72 | 146.32 | OK | |
r-release-linux-x86_64 | 0.1.4 | 8.31 | 131.56 | 139.87 | OK | |
r-release-macos-arm64 | 0.1.4 | 108.00 | OK | |||
r-release-macos-x86_64 | 0.1.4 | 100.00 | ERROR | |||
r-release-windows-x86_64 | 0.1.4 | 9.00 | 117.00 | 126.00 | OK | |
r-oldrel-macos-arm64 | 0.1.4 | 73.00 | OK | |||
r-oldrel-macos-x86_64 | 0.1.4 | 179.00 | OK | |||
r-oldrel-windows-x86_64 | 0.1.4 | 11.00 | 134.00 | 145.00 | OK |
Version: 0.1.4
Check: tests
Result: ERROR
Running ‘testthat.R’ [17s/20s]
Running the tests in ‘tests/testthat.R’ failed.
Last 13 lines of output:
> testthat::test_check("loon.tourr")
[ FAIL 1 | WARN 0 | SKIP 0 | PASS 64 ]
══ Failed tests ════════════════════════════════════════════════════════════════
── Error ('test_callback_functions.R:206:3'): test callback l_pairs ────────────
Error in `tours[[var]]`: attempt to select less than one element in integerOneIndex
Backtrace:
▆
1. └─testthat::expect_equal(tours[[var]][, 1], widget$x2y1["y"]) at test_callback_functions.R:206:3
2. └─testthat::quasi_label(enquo(object), label, arg = "object")
3. └─rlang::eval_bare(expr, quo_get_env(quo))
[ FAIL 1 | WARN 0 | SKIP 0 | PASS 64 ]
Error: Test failures
Execution halted
Flavor: r-release-macos-x86_64