Last updated on 2024-06-27 01:55:20 CEST.
Flavor | Version | Tinstall | Tcheck | Ttotal | Status | Flags |
---|---|---|---|---|---|---|
r-devel-linux-x86_64-debian-clang | 1.0.11 | OK | ||||
r-devel-linux-x86_64-debian-gcc | 1.0.11 | 77.49 | 122.80 | 200.29 | OK | |
r-devel-linux-x86_64-fedora-clang | 1.0.11 | 334.42 | OK | |||
r-devel-linux-x86_64-fedora-gcc | 1.0.11 | 382.62 | OK | |||
r-devel-windows-x86_64 | 1.0.11 | 68.00 | 155.00 | 223.00 | OK | |
r-patched-linux-x86_64 | 1.0.11 | 96.02 | 163.31 | 259.33 | OK | |
r-release-linux-x86_64 | 1.0.11 | 95.45 | 167.45 | 262.90 | OK | |
r-release-macos-arm64 | 1.0.11 | 84.00 | NOTE | |||
r-release-macos-x86_64 | 1.0.11 | 127.00 | NOTE | |||
r-release-windows-x86_64 | 1.0.11 | 69.00 | 160.00 | 229.00 | OK | |
r-oldrel-macos-arm64 | 1.0.11 | 112.00 | NOTE | |||
r-oldrel-macos-x86_64 | 1.0.11 | 296.00 | NOTE | |||
r-oldrel-windows-x86_64 | 1.0.11 | 68.00 | 186.00 | 254.00 | OK |
Version: 1.0.11
Check: installed package size
Result: NOTE
installed size is 33.7Mb
sub-directories of 1Mb or more:
doc 1.7Mb
libs 31.7Mb
Flavors: r-release-macos-arm64, r-release-macos-x86_64, r-oldrel-macos-arm64, r-oldrel-macos-x86_64