Last updated on 2024-06-27 01:55:20 CEST.
Flavor | Version | Tinstall | Tcheck | Ttotal | Status | Flags |
---|---|---|---|---|---|---|
r-devel-linux-x86_64-debian-clang | 0.1.3 | ERROR | ||||
r-devel-linux-x86_64-debian-gcc | 0.1.3 | 1.79 | 151.57 | 153.36 | OK | |
r-devel-linux-x86_64-fedora-clang | 0.1.3 | 279.96 | OK | |||
r-devel-linux-x86_64-fedora-gcc | 0.1.3 | 271.90 | OK | |||
r-devel-windows-x86_64 | 0.1.3 | 3.00 | 155.00 | 158.00 | OK | |
r-patched-linux-x86_64 | 0.1.3 | 3.06 | 213.85 | 216.91 | OK | |
r-release-linux-x86_64 | 0.1.3 | 2.96 | 218.44 | 221.40 | OK | |
r-release-macos-arm64 | 0.1.3 | 60.00 | OK | |||
r-release-macos-x86_64 | 0.1.3 | 119.00 | OK | |||
r-release-windows-x86_64 | 0.1.3 | 3.00 | 156.00 | 159.00 | OK | |
r-oldrel-macos-arm64 | 0.1.3 | 83.00 | OK | |||
r-oldrel-macos-x86_64 | 0.1.3 | 207.00 | OK | |||
r-oldrel-windows-x86_64 | 0.1.3 | 4.00 | 226.00 | 230.00 | OK |
Version: 0.1.3
Check: tests
Result: ERROR
Running ‘testthat.R’ [174s/187s]
Running the tests in ‘tests/testthat.R’ failed.
Complete output:
> library(testthat)
> library(litterfitter)
>
> test_check("litterfitter")
[ FAIL 1 | WARN 0 | SKIP 0 | PASS 29 ]
══ Failed tests ════════════════════════════════════════════════════════════════
── Failure ('test-fit_litter.R:91:3'): known parameter fits on boundary ────────
`fit_litter(...)` did not produce any warnings.
[ FAIL 1 | WARN 0 | SKIP 0 | PASS 29 ]
Error: Test failures
Execution halted
Flavor: r-devel-linux-x86_64-debian-clang